{"version":"1.0","provider_name":"MinutoSantaFe.ar","provider_url":"https:\/\/minutosantafe.ar","author_name":"Editor","author_url":"https:\/\/minutosantafe.ar\/author\/editor\/","title":"Prat Gay Mauricio Macri \"Eso confunde mucho al votante\" - MinutoSantaFe.ar","type":"rich","width":600,"height":338,"html":"<blockquote class=\"wp-embedded-content\" data-secret=\"penDeAtQeg\"><a href=\"https:\/\/minutosantafe.ar\/prat-gay-mauricio-macri-eso-confunde-mucho-al-votante\/\">Prat Gay Mauricio Macri \u00abEso confunde mucho al votante\u00bb<\/a><\/blockquote><iframe sandbox=\"allow-scripts\" security=\"restricted\" src=\"https:\/\/minutosantafe.ar\/prat-gay-mauricio-macri-eso-confunde-mucho-al-votante\/embed\/#?secret=penDeAtQeg\" width=\"600\" height=\"338\" title=\"\u00abPrat Gay Mauricio Macri \u00abEso confunde mucho al votante\u00bb\u00bb \u2014 MinutoSantaFe.ar\" data-secret=\"penDeAtQeg\" frameborder=\"0\" marginwidth=\"0\" marginheight=\"0\" scrolling=\"no\" class=\"wp-embedded-content\"><\/iframe><script type=\"text\/javascript\">\n\/* <![CDATA[ *\/\n\/*! This file is auto-generated *\/\n!function(d,l){\"use strict\";l.querySelector&&d.addEventListener&&\"undefined\"!=typeof URL&&(d.wp=d.wp||{},d.wp.receiveEmbedMessage||(d.wp.receiveEmbedMessage=function(e){var t=e.data;if((t||t.secret||t.message||t.value)&&!\/[^a-zA-Z0-9]\/.test(t.secret)){for(var s,r,n,a=l.querySelectorAll('iframe[data-secret=\"'+t.secret+'\"]'),o=l.querySelectorAll('blockquote[data-secret=\"'+t.secret+'\"]'),c=new RegExp(\"^https?:$\",\"i\"),i=0;i<o.length;i++)o[i].style.display=\"none\";for(i=0;i<a.length;i++)s=a[i],e.source===s.contentWindow&&(s.removeAttribute(\"style\"),\"height\"===t.message?(1e3<(r=parseInt(t.value,10))?r=1e3:~~r<200&&(r=200),s.height=r):\"link\"===t.message&&(r=new URL(s.getAttribute(\"src\")),n=new URL(t.value),c.test(n.protocol))&&n.host===r.host&&l.activeElement===s&&(d.top.location.href=t.value))}},d.addEventListener(\"message\",d.wp.receiveEmbedMessage,!1),l.addEventListener(\"DOMContentLoaded\",function(){for(var e,t,s=l.querySelectorAll(\"iframe.wp-embedded-content\"),r=0;r<s.length;r++)(t=(e=s[r]).getAttribute(\"data-secret\"))||(t=Math.random().toString(36).substring(2,12),e.src+=\"#?secret=\"+t,e.setAttribute(\"data-secret\",t)),e.contentWindow.postMessage({message:\"ready\",secret:t},\"*\")},!1)))}(window,document);\n\/\/# sourceURL=https:\/\/minutosantafe.ar\/%77%70%2d%69%6e%63%6c%75%64%65%73\/js\/wp-embed.min.js\n\/* ]]> *\/\n<\/script>\n","thumbnail_url":"https:\/\/minutosantafe.ar\/wp-content\/uploads\/2023\/08\/760296-a71cf6f1-5e9e-4dda-b5aa-364aa4931beb_0.jpeg","thumbnail_width":960,"thumbnail_height":640,"description":"Prat Gay cuestion\u00f3 a Mauricio Macri por \u00absu coqueteo\u00bb con Javier Milei El exministro macrista\u00a0se sum\u00f3 a la interna de Juntos por el Cambio\u00a0centrada ahora en el rol que cumplir\u00e1 Macri para acompa\u00f1ar la candidatura de Patricia Bullrich o jugar tambi\u00e9n a ser un armador en un eventual gobierno de..."}

Prat Gay cuestionó a Mauricio Macri por «su coqueteo» con Javier Milei El exministro macrista se sumó a la interna de Juntos por el Cambio centrada ahora en el rol que cumplirá Macri para acompañar la candidatura de Patricia Bullrich o jugar también a ser un armador en un eventual gobierno de...
