{"version":"1.0","provider_name":"MinutoSantaFe.ar","provider_url":"https:\/\/minutosantafe.ar","author_name":"Editor","author_url":"https:\/\/minutosantafe.ar\/author\/editor\/","title":"Preguntan por qu\u00e9 no condenaron a Tognoli por narcotr\u00e1fico - MinutoSantaFe.ar","type":"rich","width":600,"height":338,"html":"<blockquote class=\"wp-embedded-content\" data-secret=\"PQoKeQyUx0\"><a href=\"https:\/\/minutosantafe.ar\/preguntan-por-que-no-condenaron-a-tognoli-por-narcotrafico\/\">Preguntan por qu\u00e9 no condenaron a Tognoli por narcotr\u00e1fico<\/a><\/blockquote><iframe sandbox=\"allow-scripts\" security=\"restricted\" src=\"https:\/\/minutosantafe.ar\/preguntan-por-que-no-condenaron-a-tognoli-por-narcotrafico\/embed\/#?secret=PQoKeQyUx0\" width=\"600\" height=\"338\" title=\"\u00abPreguntan por qu\u00e9 no condenaron a Tognoli por narcotr\u00e1fico\u00bb \u2014 MinutoSantaFe.ar\" data-secret=\"PQoKeQyUx0\" frameborder=\"0\" marginwidth=\"0\" marginheight=\"0\" scrolling=\"no\" class=\"wp-embedded-content\"><\/iframe><script>\n\/*! This file is auto-generated *\/\n!function(d,l){\"use strict\";l.querySelector&&d.addEventListener&&\"undefined\"!=typeof URL&&(d.wp=d.wp||{},d.wp.receiveEmbedMessage||(d.wp.receiveEmbedMessage=function(e){var t=e.data;if((t||t.secret||t.message||t.value)&&!\/[^a-zA-Z0-9]\/.test(t.secret)){for(var s,r,n,a=l.querySelectorAll('iframe[data-secret=\"'+t.secret+'\"]'),o=l.querySelectorAll('blockquote[data-secret=\"'+t.secret+'\"]'),c=new RegExp(\"^https?:$\",\"i\"),i=0;i<o.length;i++)o[i].style.display=\"none\";for(i=0;i<a.length;i++)s=a[i],e.source===s.contentWindow&&(s.removeAttribute(\"style\"),\"height\"===t.message?(1e3<(r=parseInt(t.value,10))?r=1e3:~~r<200&&(r=200),s.height=r):\"link\"===t.message&&(r=new URL(s.getAttribute(\"src\")),n=new URL(t.value),c.test(n.protocol))&&n.host===r.host&&l.activeElement===s&&(d.top.location.href=t.value))}},d.addEventListener(\"message\",d.wp.receiveEmbedMessage,!1),l.addEventListener(\"DOMContentLoaded\",function(){for(var e,t,s=l.querySelectorAll(\"iframe.wp-embedded-content\"),r=0;r<s.length;r++)(t=(e=s[r]).getAttribute(\"data-secret\"))||(t=Math.random().toString(36).substring(2,12),e.src+=\"#?secret=\"+t,e.setAttribute(\"data-secret\",t)),e.contentWindow.postMessage({message:\"ready\",secret:t},\"*\")},!1)))}(window,document);\n\/\/# sourceURL=https:\/\/minutosantafe.ar\/%77%70%2d%69%6e%63%6c%75%64%65%73\/js\/wp-embed.min.js\n<\/script>\n","description":"Inter\u00e9s econ\u00f3mico como factor Es en la causa que conden\u00f3 al ex jefe policial como encubridor de un narco en Santa Fe. Casaci\u00f3n penal dice que el ex comisario \u00abtambi\u00e9n participaba por el dinero\u00bb. La sala I de la C\u00e1mara de Casaci\u00f3n Penal de la Naci\u00f3n llam\u00f3 esta semana la...","thumbnail_url":"https:\/\/minutosantafe.ar\/%77%70%2d%63%6f%6e%74%65%6e%74\/uploads\/2020\/08\/minutologuin.png","thumbnail_width":514,"thumbnail_height":429}

Preguntan por qué no condenaron a Tognoli por narcotráfico - MinutoSantaFe.ar

<blockquote class="wp-embedded-content" data-secret="PQoKeQyUx0"><a href="https://minutosantafe.ar/preguntan-por-que-no-condenaron-a-tognoli-por-narcotrafico/">Preguntan por qué no condenaron a Tognoli por narcotráfico</a></blockquote><iframe sandbox="allow-scripts" security="restricted" src="https://minutosantafe.ar/preguntan-por-que-no-condenaron-a-tognoli-por-narcotrafico/embed/#?secret=PQoKeQyUx0" width="600" height="338" title="«Preguntan por qué no condenaron a Tognoli por narcotráfico» — MinutoSantaFe.ar" data-secret="PQoKeQyUx0" frameborder="0" marginwidth="0" marginheight="0" scrolling="no" class="wp-embedded-content"></iframe><script>
/*! This file is auto-generated */
!function(d,l){"use strict";l.querySelector&&d.addEventListener&&"undefined"!=typeof URL&&(d.wp=d.wp||{},d.wp.receiveEmbedMessage||(d.wp.receiveEmbedMessage=function(e){var t=e.data;if((t||t.secret||t.message||t.value)&&!/[^a-zA-Z0-9]/.test(t.secret)){for(var s,r,n,a=l.querySelectorAll('iframe[data-secret="'+t.secret+'"]'),o=l.querySelectorAll('blockquote[data-secret="'+t.secret+'"]'),c=new RegExp("^https?:$","i"),i=0;i<o.length;i++)o[i].style.display="none";for(i=0;i<a.length;i++)s=a[i],e.source===s.contentWindow&&(s.removeAttribute("style"),"height"===t.message?(1e3<(r=parseInt(t.value,10))?r=1e3:~~r<200&&(r=200),s.height=r):"link"===t.message&&(r=new URL(s.getAttribute("src")),n=new URL(t.value),c.test(n.protocol))&&n.host===r.host&&l.activeElement===s&&(d.top.location.href=t.value))}},d.addEventListener("message",d.wp.receiveEmbedMessage,!1),l.addEventListener("DOMContentLoaded",function(){for(var e,t,s=l.querySelectorAll("iframe.wp-embedded-content"),r=0;r<s.length;r++)(t=(e=s[r]).getAttribute("data-secret"))||(t=Math.random().toString(36).substring(2,12),e.src+="#?secret="+t,e.setAttribute("data-secret",t)),e.contentWindow.postMessage({message:"ready",secret:t},"*")},!1)))}(window,document);
//# sourceURL=https://minutosantafe.ar/%77%70%2d%69%6e%63%6c%75%64%65%73/js/wp-embed.min.js
</script>

Interés económico como factor Es en la causa que condenó al ex jefe policial como encubridor de un narco en Santa Fe. Casación penal dice que el ex comisario «también participaba por el dinero». La sala I de la Cámara de Casación Penal de la Nación llamó esta semana la...
