{"version":"1.0","provider_name":"MinutoSantaFe.ar","provider_url":"https:\/\/minutosantafe.ar","author_name":"Editor","author_url":"https:\/\/minutosantafe.ar\/author\/editor\/","title":"\"Procesos armados\" - MinutoSantaFe.ar","type":"rich","width":600,"height":338,"html":"<blockquote class=\"wp-embedded-content\" data-secret=\"aLc7s7Z7j6\"><a href=\"https:\/\/minutosantafe.ar\/procesos-armados\/\">\u00abProcesos armados\u00bb<\/a><\/blockquote><iframe sandbox=\"allow-scripts\" security=\"restricted\" src=\"https:\/\/minutosantafe.ar\/procesos-armados\/embed\/#?secret=aLc7s7Z7j6\" width=\"600\" height=\"338\" title=\"\u00ab\u00abProcesos armados\u00bb\u00bb \u2014 MinutoSantaFe.ar\" data-secret=\"aLc7s7Z7j6\" frameborder=\"0\" marginwidth=\"0\" marginheight=\"0\" scrolling=\"no\" class=\"wp-embedded-content\"><\/iframe><script>\n\/*! This file is auto-generated *\/\n!function(d,l){\"use strict\";l.querySelector&&d.addEventListener&&\"undefined\"!=typeof URL&&(d.wp=d.wp||{},d.wp.receiveEmbedMessage||(d.wp.receiveEmbedMessage=function(e){var t=e.data;if((t||t.secret||t.message||t.value)&&!\/[^a-zA-Z0-9]\/.test(t.secret)){for(var s,r,n,a=l.querySelectorAll('iframe[data-secret=\"'+t.secret+'\"]'),o=l.querySelectorAll('blockquote[data-secret=\"'+t.secret+'\"]'),c=new RegExp(\"^https?:$\",\"i\"),i=0;i<o.length;i++)o[i].style.display=\"none\";for(i=0;i<a.length;i++)s=a[i],e.source===s.contentWindow&&(s.removeAttribute(\"style\"),\"height\"===t.message?(1e3<(r=parseInt(t.value,10))?r=1e3:~~r<200&&(r=200),s.height=r):\"link\"===t.message&&(r=new URL(s.getAttribute(\"src\")),n=new URL(t.value),c.test(n.protocol))&&n.host===r.host&&l.activeElement===s&&(d.top.location.href=t.value))}},d.addEventListener(\"message\",d.wp.receiveEmbedMessage,!1),l.addEventListener(\"DOMContentLoaded\",function(){for(var e,t,s=l.querySelectorAll(\"iframe.wp-embedded-content\"),r=0;r<s.length;r++)(t=(e=s[r]).getAttribute(\"data-secret\"))||(t=Math.random().toString(36).substring(2,12),e.src+=\"#?secret=\"+t,e.setAttribute(\"data-secret\",t)),e.contentWindow.postMessage({message:\"ready\",secret:t},\"*\")},!1)))}(window,document);\n\/\/# sourceURL=https:\/\/minutosantafe.ar\/%77%70%2d%69%6e%63%6c%75%64%65%73\/js\/wp-embed.min.js\n<\/script>\n","thumbnail_url":"https:\/\/i0.wp.com\/minutosantafe.ar\/wp-content\/uploads\/2020\/07\/pata_medina-1280x844-1.jpg?fit=1280%2C844&ssl=1","thumbnail_width":1280,"thumbnail_height":844,"description":"El gremialista detenido Pata Medina denuncia a Macri y Vidal en la CIDH por persecuci\u00f3n gremial El ex titular de la Uocra de La Plata hizo la presentaci\u00f3n ante la Comisi\u00f3n Interamericana de Derechos Humanos. Medina est\u00e1 detenido desde septiembre de 2017 y cumple con un arresto domiciliario dispuesto por..."}

El gremialista detenido Pata Medina denuncia a Macri y Vidal en la CIDH por persecución gremial El ex titular de la Uocra de La Plata hizo la presentación ante la Comisión Interamericana de Derechos Humanos. Medina está detenido desde septiembre de 2017 y cumple con un arresto domiciliario dispuesto por...
