{"version":"1.0","provider_name":"MinutoSantaFe.ar","provider_url":"https:\/\/minutosantafe.ar","author_name":"Editor","author_url":"https:\/\/minutosantafe.ar\/author\/editor\/","title":"Provincia compactar\u00e1 1.000 veh\u00edculos abandonados en dep\u00f3sitos judiciales - MinutoSantaFe.ar","type":"rich","width":600,"height":338,"html":"<blockquote class=\"wp-embedded-content\" data-secret=\"rvCk7vMIlL\"><a href=\"https:\/\/minutosantafe.ar\/provincia-compactara-1-000-vehiculos-abandonados-en-depositos-judiciales\/\">Provincia compactar\u00e1 1.000 veh\u00edculos abandonados en dep\u00f3sitos judiciales<\/a><\/blockquote><iframe sandbox=\"allow-scripts\" security=\"restricted\" src=\"https:\/\/minutosantafe.ar\/provincia-compactara-1-000-vehiculos-abandonados-en-depositos-judiciales\/embed\/#?secret=rvCk7vMIlL\" width=\"600\" height=\"338\" title=\"\u00abProvincia compactar\u00e1 1.000 veh\u00edculos abandonados en dep\u00f3sitos judiciales\u00bb \u2014 MinutoSantaFe.ar\" data-secret=\"rvCk7vMIlL\" frameborder=\"0\" marginwidth=\"0\" marginheight=\"0\" scrolling=\"no\" class=\"wp-embedded-content\"><\/iframe><script>\n\/*! This file is auto-generated *\/\n!function(d,l){\"use strict\";l.querySelector&&d.addEventListener&&\"undefined\"!=typeof URL&&(d.wp=d.wp||{},d.wp.receiveEmbedMessage||(d.wp.receiveEmbedMessage=function(e){var t=e.data;if((t||t.secret||t.message||t.value)&&!\/[^a-zA-Z0-9]\/.test(t.secret)){for(var s,r,n,a=l.querySelectorAll('iframe[data-secret=\"'+t.secret+'\"]'),o=l.querySelectorAll('blockquote[data-secret=\"'+t.secret+'\"]'),c=new RegExp(\"^https?:$\",\"i\"),i=0;i<o.length;i++)o[i].style.display=\"none\";for(i=0;i<a.length;i++)s=a[i],e.source===s.contentWindow&&(s.removeAttribute(\"style\"),\"height\"===t.message?(1e3<(r=parseInt(t.value,10))?r=1e3:~~r<200&&(r=200),s.height=r):\"link\"===t.message&&(r=new URL(s.getAttribute(\"src\")),n=new URL(t.value),c.test(n.protocol))&&n.host===r.host&&l.activeElement===s&&(d.top.location.href=t.value))}},d.addEventListener(\"message\",d.wp.receiveEmbedMessage,!1),l.addEventListener(\"DOMContentLoaded\",function(){for(var e,t,s=l.querySelectorAll(\"iframe.wp-embedded-content\"),r=0;r<s.length;r++)(t=(e=s[r]).getAttribute(\"data-secret\"))||(t=Math.random().toString(36).substring(2,12),e.src+=\"#?secret=\"+t,e.setAttribute(\"data-secret\",t)),e.contentWindow.postMessage({message:\"ready\",secret:t},\"*\")},!1)))}(window,document);\n\/\/# sourceURL=https:\/\/minutosantafe.ar\/%77%70%2d%69%6e%63%6c%75%64%65%73\/js\/wp-embed.min.js\n<\/script>\n","thumbnail_url":"https:\/\/minutosantafe.ar\/wp-content\/uploads\/2024\/01\/2024-01-20NID_279599O_4.webp","thumbnail_width":741,"thumbnail_height":486,"description":"El gobernador Pullaro encabez\u00f3 la firma del convenio con una empresa que se encargar\u00e1 de los trabajos de compactaci\u00f3n de unidades que se encuentran distribuidas en diferentes espacios. El gobernador de la provincia, Maximiliano Pullaro, encabez\u00f3 el acto de firma de contrato con la empresa que se ocupar\u00e1 de la..."}

Provincia compactará 1.000 vehículos abandonados en depósitos judiciales - MinutoSantaFe.ar

<blockquote class="wp-embedded-content" data-secret="rvCk7vMIlL"><a href="https://minutosantafe.ar/provincia-compactara-1-000-vehiculos-abandonados-en-depositos-judiciales/">Provincia compactará 1.000 vehículos abandonados en depósitos judiciales</a></blockquote><iframe sandbox="allow-scripts" security="restricted" src="https://minutosantafe.ar/provincia-compactara-1-000-vehiculos-abandonados-en-depositos-judiciales/embed/#?secret=rvCk7vMIlL" width="600" height="338" title="«Provincia compactará 1.000 vehículos abandonados en depósitos judiciales» — MinutoSantaFe.ar" data-secret="rvCk7vMIlL" frameborder="0" marginwidth="0" marginheight="0" scrolling="no" class="wp-embedded-content"></iframe><script>
/*! This file is auto-generated */
!function(d,l){"use strict";l.querySelector&&d.addEventListener&&"undefined"!=typeof URL&&(d.wp=d.wp||{},d.wp.receiveEmbedMessage||(d.wp.receiveEmbedMessage=function(e){var t=e.data;if((t||t.secret||t.message||t.value)&&!/[^a-zA-Z0-9]/.test(t.secret)){for(var s,r,n,a=l.querySelectorAll('iframe[data-secret="'+t.secret+'"]'),o=l.querySelectorAll('blockquote[data-secret="'+t.secret+'"]'),c=new RegExp("^https?:$","i"),i=0;i<o.length;i++)o[i].style.display="none";for(i=0;i<a.length;i++)s=a[i],e.source===s.contentWindow&&(s.removeAttribute("style"),"height"===t.message?(1e3<(r=parseInt(t.value,10))?r=1e3:~~r<200&&(r=200),s.height=r):"link"===t.message&&(r=new URL(s.getAttribute("src")),n=new URL(t.value),c.test(n.protocol))&&n.host===r.host&&l.activeElement===s&&(d.top.location.href=t.value))}},d.addEventListener("message",d.wp.receiveEmbedMessage,!1),l.addEventListener("DOMContentLoaded",function(){for(var e,t,s=l.querySelectorAll("iframe.wp-embedded-content"),r=0;r<s.length;r++)(t=(e=s[r]).getAttribute("data-secret"))||(t=Math.random().toString(36).substring(2,12),e.src+="#?secret="+t,e.setAttribute("data-secret",t)),e.contentWindow.postMessage({message:"ready",secret:t},"*")},!1)))}(window,document);
//# sourceURL=https://minutosantafe.ar/%77%70%2d%69%6e%63%6c%75%64%65%73/js/wp-embed.min.js
</script>

El gobernador Pullaro encabezó la firma del convenio con una empresa que se encargará de los trabajos de compactación de unidades que se encuentran distribuidas en diferentes espacios. El gobernador de la provincia, Maximiliano Pullaro, encabezó el acto de firma de contrato con la empresa que se ocupará de la...
