{"version":"1.0","provider_name":"MinutoSantaFe.ar","provider_url":"https:\/\/minutosantafe.ar","author_name":"Editor","author_url":"https:\/\/minutosantafe.ar\/author\/editor\/","title":"\u00bfQu\u00e9 pasa con el feriado del 17 de agosto? - MinutoSantaFe.ar","type":"rich","width":600,"height":338,"html":"<blockquote class=\"wp-embedded-content\" data-secret=\"KoG2Lsx3II\"><a href=\"https:\/\/minutosantafe.ar\/que-pasa-con-el-feriado-del-17-de-agosto\/\">\u00bfQu\u00e9 pasa con el feriado del 17 de agosto?<\/a><\/blockquote><iframe sandbox=\"allow-scripts\" security=\"restricted\" src=\"https:\/\/minutosantafe.ar\/que-pasa-con-el-feriado-del-17-de-agosto\/embed\/#?secret=KoG2Lsx3II\" width=\"600\" height=\"338\" title=\"\u00ab\u00bfQu\u00e9 pasa con el feriado del 17 de agosto?\u00bb \u2014 MinutoSantaFe.ar\" data-secret=\"KoG2Lsx3II\" frameborder=\"0\" marginwidth=\"0\" marginheight=\"0\" scrolling=\"no\" class=\"wp-embedded-content\"><\/iframe><script>\n\/*! This file is auto-generated *\/\n!function(d,l){\"use strict\";l.querySelector&&d.addEventListener&&\"undefined\"!=typeof URL&&(d.wp=d.wp||{},d.wp.receiveEmbedMessage||(d.wp.receiveEmbedMessage=function(e){var t=e.data;if((t||t.secret||t.message||t.value)&&!\/[^a-zA-Z0-9]\/.test(t.secret)){for(var s,r,n,a=l.querySelectorAll('iframe[data-secret=\"'+t.secret+'\"]'),o=l.querySelectorAll('blockquote[data-secret=\"'+t.secret+'\"]'),c=new RegExp(\"^https?:$\",\"i\"),i=0;i<o.length;i++)o[i].style.display=\"none\";for(i=0;i<a.length;i++)s=a[i],e.source===s.contentWindow&&(s.removeAttribute(\"style\"),\"height\"===t.message?(1e3<(r=parseInt(t.value,10))?r=1e3:~~r<200&&(r=200),s.height=r):\"link\"===t.message&&(r=new URL(s.getAttribute(\"src\")),n=new URL(t.value),c.test(n.protocol))&&n.host===r.host&&l.activeElement===s&&(d.top.location.href=t.value))}},d.addEventListener(\"message\",d.wp.receiveEmbedMessage,!1),l.addEventListener(\"DOMContentLoaded\",function(){for(var e,t,s=l.querySelectorAll(\"iframe.wp-embedded-content\"),r=0;r<s.length;r++)(t=(e=s[r]).getAttribute(\"data-secret\"))||(t=Math.random().toString(36).substring(2,12),e.src+=\"#?secret=\"+t,e.setAttribute(\"data-secret\",t)),e.contentWindow.postMessage({message:\"ready\",secret:t},\"*\")},!1)))}(window,document);\n\/\/# sourceURL=https:\/\/minutosantafe.ar\/%77%70%2d%69%6e%63%6c%75%64%65%73\/js\/wp-embed.min.js\n<\/script>\n","thumbnail_url":"https:\/\/i0.wp.com\/minutosantafe.ar\/wp-content\/uploads\/2019\/08\/0027195579.jpg?fit=642%2C358&ssl=1","thumbnail_width":642,"thumbnail_height":358,"description":"Es feriado nacional por el aniversario de la muerte del general Jos\u00e9 de San Mart\u00edn. El pr\u00f3ximo 17 de agosto se cumple un nuevo aniversario de la muerte del general Jos\u00e9 de San Mart\u00edn, el Libertador de Am\u00e9rica, quien falleci\u00f3 en Boulogne-sur Mer, Francia, en 1850. Se trata de un..."}

¿Qué pasa con el feriado del 17 de agosto? - MinutoSantaFe.ar

<blockquote class="wp-embedded-content" data-secret="KoG2Lsx3II"><a href="https://minutosantafe.ar/que-pasa-con-el-feriado-del-17-de-agosto/">¿Qué pasa con el feriado del 17 de agosto?</a></blockquote><iframe sandbox="allow-scripts" security="restricted" src="https://minutosantafe.ar/que-pasa-con-el-feriado-del-17-de-agosto/embed/#?secret=KoG2Lsx3II" width="600" height="338" title="«¿Qué pasa con el feriado del 17 de agosto?» — MinutoSantaFe.ar" data-secret="KoG2Lsx3II" frameborder="0" marginwidth="0" marginheight="0" scrolling="no" class="wp-embedded-content"></iframe><script>
/*! This file is auto-generated */
!function(d,l){"use strict";l.querySelector&&d.addEventListener&&"undefined"!=typeof URL&&(d.wp=d.wp||{},d.wp.receiveEmbedMessage||(d.wp.receiveEmbedMessage=function(e){var t=e.data;if((t||t.secret||t.message||t.value)&&!/[^a-zA-Z0-9]/.test(t.secret)){for(var s,r,n,a=l.querySelectorAll('iframe[data-secret="'+t.secret+'"]'),o=l.querySelectorAll('blockquote[data-secret="'+t.secret+'"]'),c=new RegExp("^https?:$","i"),i=0;i<o.length;i++)o[i].style.display="none";for(i=0;i<a.length;i++)s=a[i],e.source===s.contentWindow&&(s.removeAttribute("style"),"height"===t.message?(1e3<(r=parseInt(t.value,10))?r=1e3:~~r<200&&(r=200),s.height=r):"link"===t.message&&(r=new URL(s.getAttribute("src")),n=new URL(t.value),c.test(n.protocol))&&n.host===r.host&&l.activeElement===s&&(d.top.location.href=t.value))}},d.addEventListener("message",d.wp.receiveEmbedMessage,!1),l.addEventListener("DOMContentLoaded",function(){for(var e,t,s=l.querySelectorAll("iframe.wp-embedded-content"),r=0;r<s.length;r++)(t=(e=s[r]).getAttribute("data-secret"))||(t=Math.random().toString(36).substring(2,12),e.src+="#?secret="+t,e.setAttribute("data-secret",t)),e.contentWindow.postMessage({message:"ready",secret:t},"*")},!1)))}(window,document);
//# sourceURL=https://minutosantafe.ar/%77%70%2d%69%6e%63%6c%75%64%65%73/js/wp-embed.min.js
</script>

Es feriado nacional por el aniversario de la muerte del general José de San Martín. El próximo 17 de agosto se cumple un nuevo aniversario de la muerte del general José de San Martín, el Libertador de América, quien falleció en Boulogne-sur Mer, Francia, en 1850. Se trata de un...
