{"version":"1.0","provider_name":"MinutoSantaFe.ar","provider_url":"https:\/\/minutosantafe.ar","author_name":"Editor","author_url":"https:\/\/minutosantafe.ar\/author\/editor\/","title":"\"Que se deje de fanfarronear y decir pavadas\" - MinutoSantaFe.ar","type":"rich","width":600,"height":338,"html":"<blockquote class=\"wp-embedded-content\" data-secret=\"qgbPStyffJ\"><a href=\"https:\/\/minutosantafe.ar\/que-se-deje-de-fanfarronear-y-decir-pavadas\/\">\u00abQue se deje de fanfarronear y decir pavadas\u00bb<\/a><\/blockquote><iframe sandbox=\"allow-scripts\" security=\"restricted\" src=\"https:\/\/minutosantafe.ar\/que-se-deje-de-fanfarronear-y-decir-pavadas\/embed\/#?secret=qgbPStyffJ\" width=\"600\" height=\"338\" title=\"\u00ab\u00abQue se deje de fanfarronear y decir pavadas\u00bb\u00bb \u2014 MinutoSantaFe.ar\" data-secret=\"qgbPStyffJ\" frameborder=\"0\" marginwidth=\"0\" marginheight=\"0\" scrolling=\"no\" class=\"wp-embedded-content\"><\/iframe><script type=\"text\/javascript\">\n\/* <![CDATA[ *\/\n\/*! This file is auto-generated *\/\n!function(d,l){\"use strict\";l.querySelector&&d.addEventListener&&\"undefined\"!=typeof URL&&(d.wp=d.wp||{},d.wp.receiveEmbedMessage||(d.wp.receiveEmbedMessage=function(e){var t=e.data;if((t||t.secret||t.message||t.value)&&!\/[^a-zA-Z0-9]\/.test(t.secret)){for(var s,r,n,a=l.querySelectorAll('iframe[data-secret=\"'+t.secret+'\"]'),o=l.querySelectorAll('blockquote[data-secret=\"'+t.secret+'\"]'),c=new RegExp(\"^https?:$\",\"i\"),i=0;i<o.length;i++)o[i].style.display=\"none\";for(i=0;i<a.length;i++)s=a[i],e.source===s.contentWindow&&(s.removeAttribute(\"style\"),\"height\"===t.message?(1e3<(r=parseInt(t.value,10))?r=1e3:~~r<200&&(r=200),s.height=r):\"link\"===t.message&&(r=new URL(s.getAttribute(\"src\")),n=new URL(t.value),c.test(n.protocol))&&n.host===r.host&&l.activeElement===s&&(d.top.location.href=t.value))}},d.addEventListener(\"message\",d.wp.receiveEmbedMessage,!1),l.addEventListener(\"DOMContentLoaded\",function(){for(var e,t,s=l.querySelectorAll(\"iframe.wp-embedded-content\"),r=0;r<s.length;r++)(t=(e=s[r]).getAttribute(\"data-secret\"))||(t=Math.random().toString(36).substring(2,12),e.src+=\"#?secret=\"+t,e.setAttribute(\"data-secret\",t)),e.contentWindow.postMessage({message:\"ready\",secret:t},\"*\")},!1)))}(window,document);\n\/\/# sourceURL=https:\/\/minutosantafe.ar\/%77%70%2d%69%6e%63%6c%75%64%65%73\/js\/wp-embed.min.js\n\/* ]]> *\/\n<\/script>\n","thumbnail_url":"https:\/\/minutosantafe.ar\/wp-content\/uploads\/2024\/06\/1719075710827-1.webp","thumbnail_width":770,"thumbnail_height":440,"description":"El economista Carlos Rodr\u00edguez apunt\u00f3 contra el libertario por la situaci\u00f3n econ\u00f3mica. Mientras tanto, el Presidente recibi\u00f3 una medalla de la Sociedad Hayek en medio de protestas en Hamburgo. El presidente\u00a0Javier Milei\u00a0aterriz\u00f3 esta ma\u00f1ana en Hamburgo, Alemania, en la continuaci\u00f3n de la segunda etapa de su gira internacional y tras..."}

El economista Carlos Rodríguez apuntó contra el libertario por la situación económica. Mientras tanto, el Presidente recibió una medalla de la Sociedad Hayek en medio de protestas en Hamburgo. El presidente Javier Milei aterrizó esta mañana en Hamburgo, Alemania, en la continuación de la segunda etapa de su gira internacional y tras...
