{"version":"1.0","provider_name":"MinutoSantaFe.ar","provider_url":"https:\/\/minutosantafe.ar","author_name":"Editor","author_url":"https:\/\/minutosantafe.ar\/author\/editor\/","title":"Quema de colchones de internas de la comisar\u00eda 5\u00b0 - MinutoSantaFe.ar","type":"rich","width":600,"height":338,"html":"<blockquote class=\"wp-embedded-content\" data-secret=\"TDk2vK8mzm\"><a href=\"https:\/\/minutosantafe.ar\/quema-de-colchones-de-internas-de-la-comisaria-5\/\">Quema de colchones de internas de la comisar\u00eda 5\u00b0<\/a><\/blockquote><iframe sandbox=\"allow-scripts\" security=\"restricted\" src=\"https:\/\/minutosantafe.ar\/quema-de-colchones-de-internas-de-la-comisaria-5\/embed\/#?secret=TDk2vK8mzm\" width=\"600\" height=\"338\" title=\"\u00abQuema de colchones de internas de la comisar\u00eda 5\u00b0\u00bb \u2014 MinutoSantaFe.ar\" data-secret=\"TDk2vK8mzm\" frameborder=\"0\" marginwidth=\"0\" marginheight=\"0\" scrolling=\"no\" class=\"wp-embedded-content\"><\/iframe><script>\n\/*! This file is auto-generated *\/\n!function(d,l){\"use strict\";l.querySelector&&d.addEventListener&&\"undefined\"!=typeof URL&&(d.wp=d.wp||{},d.wp.receiveEmbedMessage||(d.wp.receiveEmbedMessage=function(e){var t=e.data;if((t||t.secret||t.message||t.value)&&!\/[^a-zA-Z0-9]\/.test(t.secret)){for(var s,r,n,a=l.querySelectorAll('iframe[data-secret=\"'+t.secret+'\"]'),o=l.querySelectorAll('blockquote[data-secret=\"'+t.secret+'\"]'),c=new RegExp(\"^https?:$\",\"i\"),i=0;i<o.length;i++)o[i].style.display=\"none\";for(i=0;i<a.length;i++)s=a[i],e.source===s.contentWindow&&(s.removeAttribute(\"style\"),\"height\"===t.message?(1e3<(r=parseInt(t.value,10))?r=1e3:~~r<200&&(r=200),s.height=r):\"link\"===t.message&&(r=new URL(s.getAttribute(\"src\")),n=new URL(t.value),c.test(n.protocol))&&n.host===r.host&&l.activeElement===s&&(d.top.location.href=t.value))}},d.addEventListener(\"message\",d.wp.receiveEmbedMessage,!1),l.addEventListener(\"DOMContentLoaded\",function(){for(var e,t,s=l.querySelectorAll(\"iframe.wp-embedded-content\"),r=0;r<s.length;r++)(t=(e=s[r]).getAttribute(\"data-secret\"))||(t=Math.random().toString(36).substring(2,12),e.src+=\"#?secret=\"+t,e.setAttribute(\"data-secret\",t)),e.contentWindow.postMessage({message:\"ready\",secret:t},\"*\")},!1)))}(window,document);\n\/\/# sourceURL=https:\/\/minutosantafe.ar\/%77%70%2d%69%6e%63%6c%75%64%65%73\/js\/wp-embed.min.js\n<\/script>\n","thumbnail_url":"https:\/\/minutosantafe.ar\/wp-content\/uploads\/2026\/09\/images-3-1.jpg","thumbnail_width":739,"thumbnail_height":415,"description":"Hacinadas sin comida ni visitas Andres Macera La suspensi\u00f3n de las visitas y de entrega de mercader\u00eda durante la jornada de ayer en la comisar\u00eda 5ta, de barrio Abasto, gener\u00f3 un reclamo de las internas durante la ma\u00f1ana. En el penal transitorio, dentro de esa seccional, hab\u00eda 43 detenidas, aunque..."}

Quema de colchones de internas de la comisaría 5° - MinutoSantaFe.ar

<blockquote class="wp-embedded-content" data-secret="TDk2vK8mzm"><a href="https://minutosantafe.ar/quema-de-colchones-de-internas-de-la-comisaria-5/">Quema de colchones de internas de la comisaría 5°</a></blockquote><iframe sandbox="allow-scripts" security="restricted" src="https://minutosantafe.ar/quema-de-colchones-de-internas-de-la-comisaria-5/embed/#?secret=TDk2vK8mzm" width="600" height="338" title="«Quema de colchones de internas de la comisaría 5°» — MinutoSantaFe.ar" data-secret="TDk2vK8mzm" frameborder="0" marginwidth="0" marginheight="0" scrolling="no" class="wp-embedded-content"></iframe><script>
/*! This file is auto-generated */
!function(d,l){"use strict";l.querySelector&&d.addEventListener&&"undefined"!=typeof URL&&(d.wp=d.wp||{},d.wp.receiveEmbedMessage||(d.wp.receiveEmbedMessage=function(e){var t=e.data;if((t||t.secret||t.message||t.value)&&!/[^a-zA-Z0-9]/.test(t.secret)){for(var s,r,n,a=l.querySelectorAll('iframe[data-secret="'+t.secret+'"]'),o=l.querySelectorAll('blockquote[data-secret="'+t.secret+'"]'),c=new RegExp("^https?:$","i"),i=0;i<o.length;i++)o[i].style.display="none";for(i=0;i<a.length;i++)s=a[i],e.source===s.contentWindow&&(s.removeAttribute("style"),"height"===t.message?(1e3<(r=parseInt(t.value,10))?r=1e3:~~r<200&&(r=200),s.height=r):"link"===t.message&&(r=new URL(s.getAttribute("src")),n=new URL(t.value),c.test(n.protocol))&&n.host===r.host&&l.activeElement===s&&(d.top.location.href=t.value))}},d.addEventListener("message",d.wp.receiveEmbedMessage,!1),l.addEventListener("DOMContentLoaded",function(){for(var e,t,s=l.querySelectorAll("iframe.wp-embedded-content"),r=0;r<s.length;r++)(t=(e=s[r]).getAttribute("data-secret"))||(t=Math.random().toString(36).substring(2,12),e.src+="#?secret="+t,e.setAttribute("data-secret",t)),e.contentWindow.postMessage({message:"ready",secret:t},"*")},!1)))}(window,document);
//# sourceURL=https://minutosantafe.ar/%77%70%2d%69%6e%63%6c%75%64%65%73/js/wp-embed.min.js
</script>

Hacinadas sin comida ni visitas Andres Macera La suspensión de las visitas y de entrega de mercadería durante la jornada de ayer en la comisaría 5ta, de barrio Abasto, generó un reclamo de las internas durante la mañana. En el penal transitorio, dentro de esa seccional, había 43 detenidas, aunque...
