{"version":"1.0","provider_name":"MinutoSantaFe.ar","provider_url":"https:\/\/minutosantafe.ar","author_name":"Editor","author_url":"https:\/\/minutosantafe.ar\/author\/editor\/","title":"Ranking nacional de legisladores - MinutoSantaFe.ar","type":"rich","width":600,"height":338,"html":"<blockquote class=\"wp-embedded-content\" data-secret=\"bW01b9GdlC\"><a href=\"https:\/\/minutosantafe.ar\/ranking-nacional-de-legisladores\/\">Ranking nacional de legisladores<\/a><\/blockquote><iframe sandbox=\"allow-scripts\" security=\"restricted\" src=\"https:\/\/minutosantafe.ar\/ranking-nacional-de-legisladores\/embed\/#?secret=bW01b9GdlC\" width=\"600\" height=\"338\" title=\"\u00abRanking nacional de legisladores\u00bb \u2014 MinutoSantaFe.ar\" data-secret=\"bW01b9GdlC\" frameborder=\"0\" marginwidth=\"0\" marginheight=\"0\" scrolling=\"no\" class=\"wp-embedded-content\"><\/iframe><script>\n\/*! This file is auto-generated *\/\n!function(d,l){\"use strict\";l.querySelector&&d.addEventListener&&\"undefined\"!=typeof URL&&(d.wp=d.wp||{},d.wp.receiveEmbedMessage||(d.wp.receiveEmbedMessage=function(e){var t=e.data;if((t||t.secret||t.message||t.value)&&!\/[^a-zA-Z0-9]\/.test(t.secret)){for(var s,r,n,a=l.querySelectorAll('iframe[data-secret=\"'+t.secret+'\"]'),o=l.querySelectorAll('blockquote[data-secret=\"'+t.secret+'\"]'),c=new RegExp(\"^https?:$\",\"i\"),i=0;i<o.length;i++)o[i].style.display=\"none\";for(i=0;i<a.length;i++)s=a[i],e.source===s.contentWindow&&(s.removeAttribute(\"style\"),\"height\"===t.message?(1e3<(r=parseInt(t.value,10))?r=1e3:~~r<200&&(r=200),s.height=r):\"link\"===t.message&&(r=new URL(s.getAttribute(\"src\")),n=new URL(t.value),c.test(n.protocol))&&n.host===r.host&&l.activeElement===s&&(d.top.location.href=t.value))}},d.addEventListener(\"message\",d.wp.receiveEmbedMessage,!1),l.addEventListener(\"DOMContentLoaded\",function(){for(var e,t,s=l.querySelectorAll(\"iframe.wp-embedded-content\"),r=0;r<s.length;r++)(t=(e=s[r]).getAttribute(\"data-secret\"))||(t=Math.random().toString(36).substring(2,12),e.src+=\"#?secret=\"+t,e.setAttribute(\"data-secret\",t)),e.contentWindow.postMessage({message:\"ready\",secret:t},\"*\")},!1)))}(window,document);\n\/\/# sourceURL=https:\/\/minutosantafe.ar\/%77%70%2d%69%6e%63%6c%75%64%65%73\/js\/wp-embed.min.js\n<\/script>\n","thumbnail_url":"https:\/\/minutosantafe.ar\/wp-content\/uploads\/2025\/06\/Carolina-Losada-Feet-5831763.jpg","thumbnail_width":600,"thumbnail_height":628,"description":"Losada en el podio La senadora santafesina encabeza un relevamiento de conocimiento p\u00fablico sobre miembros del Senado nacional. Reconoci\u00f3 su sorpresa por el nivel general de desconocimiento. La santafesina Losada conduce la comisi\u00f3n de Seguridad y Narcotr\u00e1fico. Una reciente encuesta de opini\u00f3n sobre conocimiento de senadores nacionales ubic\u00f3 a la..."}

Losada en el podio La senadora santafesina encabeza un relevamiento de conocimiento público sobre miembros del Senado nacional. Reconoció su sorpresa por el nivel general de desconocimiento. La santafesina Losada conduce la comisión de Seguridad y Narcotráfico. Una reciente encuesta de opinión sobre conocimiento de senadores nacionales ubicó a la...
