{"version":"1.0","provider_name":"MinutoSantaFe.ar","provider_url":"https:\/\/minutosantafe.ar","author_name":"Editor","author_url":"https:\/\/minutosantafe.ar\/author\/editor\/","title":"Ratifican el primer caso de sarampi\u00f3n en Santa Fe - MinutoSantaFe.ar","type":"rich","width":600,"height":338,"html":"<blockquote class=\"wp-embedded-content\" data-secret=\"6OU1A4hNUQ\"><a href=\"https:\/\/minutosantafe.ar\/ratifican-el-primer-caso-de-sarampion-en-santa-fe\/\">Ratifican el primer caso de sarampi\u00f3n en Santa Fe<\/a><\/blockquote><iframe sandbox=\"allow-scripts\" security=\"restricted\" src=\"https:\/\/minutosantafe.ar\/ratifican-el-primer-caso-de-sarampion-en-santa-fe\/embed\/#?secret=6OU1A4hNUQ\" width=\"600\" height=\"338\" title=\"\u00abRatifican el primer caso de sarampi\u00f3n en Santa Fe\u00bb \u2014 MinutoSantaFe.ar\" data-secret=\"6OU1A4hNUQ\" frameborder=\"0\" marginwidth=\"0\" marginheight=\"0\" scrolling=\"no\" class=\"wp-embedded-content\"><\/iframe><script type=\"text\/javascript\">\n\/* <![CDATA[ *\/\n\/*! This file is auto-generated *\/\n!function(d,l){\"use strict\";l.querySelector&&d.addEventListener&&\"undefined\"!=typeof URL&&(d.wp=d.wp||{},d.wp.receiveEmbedMessage||(d.wp.receiveEmbedMessage=function(e){var t=e.data;if((t||t.secret||t.message||t.value)&&!\/[^a-zA-Z0-9]\/.test(t.secret)){for(var s,r,n,a=l.querySelectorAll('iframe[data-secret=\"'+t.secret+'\"]'),o=l.querySelectorAll('blockquote[data-secret=\"'+t.secret+'\"]'),c=new RegExp(\"^https?:$\",\"i\"),i=0;i<o.length;i++)o[i].style.display=\"none\";for(i=0;i<a.length;i++)s=a[i],e.source===s.contentWindow&&(s.removeAttribute(\"style\"),\"height\"===t.message?(1e3<(r=parseInt(t.value,10))?r=1e3:~~r<200&&(r=200),s.height=r):\"link\"===t.message&&(r=new URL(s.getAttribute(\"src\")),n=new URL(t.value),c.test(n.protocol))&&n.host===r.host&&l.activeElement===s&&(d.top.location.href=t.value))}},d.addEventListener(\"message\",d.wp.receiveEmbedMessage,!1),l.addEventListener(\"DOMContentLoaded\",function(){for(var e,t,s=l.querySelectorAll(\"iframe.wp-embedded-content\"),r=0;r<s.length;r++)(t=(e=s[r]).getAttribute(\"data-secret\"))||(t=Math.random().toString(36).substring(2,12),e.src+=\"#?secret=\"+t,e.setAttribute(\"data-secret\",t)),e.contentWindow.postMessage({message:\"ready\",secret:t},\"*\")},!1)))}(window,document);\n\/\/# sourceURL=https:\/\/minutosantafe.ar\/%77%70%2d%69%6e%63%6c%75%64%65%73\/js\/wp-embed.min.js\n\/* ]]> *\/\n<\/script>\n","thumbnail_url":"https:\/\/i0.wp.com\/minutosantafe.ar\/wp-content\/uploads\/2019\/11\/sarampion-1.jpg?fit=800%2C483&ssl=1","thumbnail_width":800,"thumbnail_height":483,"description":"El Ministerio de Salud puso en marcha operativos de prevenci\u00f3n y bloqueo. La enfermedad estaba erradicada en el pa\u00eds desde el a\u00f1o 2000. Un ni\u00f1o de 11 meses, oriundo de la ciudad de Moreno, provincia de Buenos Aires, se convirti\u00f3 en el primer caso de sarampi\u00f3n confirmado en la ciudad..."}

Ratifican el primer caso de sarampión en Santa Fe - MinutoSantaFe.ar

<blockquote class="wp-embedded-content" data-secret="6OU1A4hNUQ"><a href="https://minutosantafe.ar/ratifican-el-primer-caso-de-sarampion-en-santa-fe/">Ratifican el primer caso de sarampión en Santa Fe</a></blockquote><iframe sandbox="allow-scripts" security="restricted" src="https://minutosantafe.ar/ratifican-el-primer-caso-de-sarampion-en-santa-fe/embed/#?secret=6OU1A4hNUQ" width="600" height="338" title="«Ratifican el primer caso de sarampión en Santa Fe» — MinutoSantaFe.ar" data-secret="6OU1A4hNUQ" frameborder="0" marginwidth="0" marginheight="0" scrolling="no" class="wp-embedded-content"></iframe><script type="text/javascript">
/* <![CDATA[ */
/*! This file is auto-generated */
!function(d,l){"use strict";l.querySelector&&d.addEventListener&&"undefined"!=typeof URL&&(d.wp=d.wp||{},d.wp.receiveEmbedMessage||(d.wp.receiveEmbedMessage=function(e){var t=e.data;if((t||t.secret||t.message||t.value)&&!/[^a-zA-Z0-9]/.test(t.secret)){for(var s,r,n,a=l.querySelectorAll('iframe[data-secret="'+t.secret+'"]'),o=l.querySelectorAll('blockquote[data-secret="'+t.secret+'"]'),c=new RegExp("^https?:$","i"),i=0;i<o.length;i++)o[i].style.display="none";for(i=0;i<a.length;i++)s=a[i],e.source===s.contentWindow&&(s.removeAttribute("style"),"height"===t.message?(1e3<(r=parseInt(t.value,10))?r=1e3:~~r<200&&(r=200),s.height=r):"link"===t.message&&(r=new URL(s.getAttribute("src")),n=new URL(t.value),c.test(n.protocol))&&n.host===r.host&&l.activeElement===s&&(d.top.location.href=t.value))}},d.addEventListener("message",d.wp.receiveEmbedMessage,!1),l.addEventListener("DOMContentLoaded",function(){for(var e,t,s=l.querySelectorAll("iframe.wp-embedded-content"),r=0;r<s.length;r++)(t=(e=s[r]).getAttribute("data-secret"))||(t=Math.random().toString(36).substring(2,12),e.src+="#?secret="+t,e.setAttribute("data-secret",t)),e.contentWindow.postMessage({message:"ready",secret:t},"*")},!1)))}(window,document);
//# sourceURL=https://minutosantafe.ar/%77%70%2d%69%6e%63%6c%75%64%65%73/js/wp-embed.min.js
/* ]]> */
</script>

El Ministerio de Salud puso en marcha operativos de prevención y bloqueo. La enfermedad estaba erradicada en el país desde el año 2000. Un niño de 11 meses, oriundo de la ciudad de Moreno, provincia de Buenos Aires, se convirtió en el primer caso de sarampión confirmado en la ciudad...
