{"version":"1.0","provider_name":"MinutoSantaFe.ar","provider_url":"https:\/\/minutosantafe.ar","author_name":"Editor","author_url":"https:\/\/minutosantafe.ar\/author\/editor\/","title":"Relativizan denuncias de la Defensa - MinutoSantaFe.ar","type":"rich","width":600,"height":338,"html":"<blockquote class=\"wp-embedded-content\" data-secret=\"JmCV1byDM6\"><a href=\"https:\/\/minutosantafe.ar\/relativizan-denuncias-de-la-defensa\/\">Relativizan denuncias de la Defensa<\/a><\/blockquote><iframe sandbox=\"allow-scripts\" security=\"restricted\" src=\"https:\/\/minutosantafe.ar\/relativizan-denuncias-de-la-defensa\/embed\/#?secret=JmCV1byDM6\" width=\"600\" height=\"338\" title=\"\u00abRelativizan denuncias de la Defensa\u00bb \u2014 MinutoSantaFe.ar\" data-secret=\"JmCV1byDM6\" frameborder=\"0\" marginwidth=\"0\" marginheight=\"0\" scrolling=\"no\" class=\"wp-embedded-content\"><\/iframe><script>\n\/*! This file is auto-generated *\/\n!function(d,l){\"use strict\";l.querySelector&&d.addEventListener&&\"undefined\"!=typeof URL&&(d.wp=d.wp||{},d.wp.receiveEmbedMessage||(d.wp.receiveEmbedMessage=function(e){var t=e.data;if((t||t.secret||t.message||t.value)&&!\/[^a-zA-Z0-9]\/.test(t.secret)){for(var s,r,n,a=l.querySelectorAll('iframe[data-secret=\"'+t.secret+'\"]'),o=l.querySelectorAll('blockquote[data-secret=\"'+t.secret+'\"]'),c=new RegExp(\"^https?:$\",\"i\"),i=0;i<o.length;i++)o[i].style.display=\"none\";for(i=0;i<a.length;i++)s=a[i],e.source===s.contentWindow&&(s.removeAttribute(\"style\"),\"height\"===t.message?(1e3<(r=parseInt(t.value,10))?r=1e3:~~r<200&&(r=200),s.height=r):\"link\"===t.message&&(r=new URL(s.getAttribute(\"src\")),n=new URL(t.value),c.test(n.protocol))&&n.host===r.host&&l.activeElement===s&&(d.top.location.href=t.value))}},d.addEventListener(\"message\",d.wp.receiveEmbedMessage,!1),l.addEventListener(\"DOMContentLoaded\",function(){for(var e,t,s=l.querySelectorAll(\"iframe.wp-embedded-content\"),r=0;r<s.length;r++)(t=(e=s[r]).getAttribute(\"data-secret\"))||(t=Math.random().toString(36).substring(2,12),e.src+=\"#?secret=\"+t,e.setAttribute(\"data-secret\",t)),e.contentWindow.postMessage({message:\"ready\",secret:t},\"*\")},!1)))}(window,document);\n\/\/# sourceURL=https:\/\/minutosantafe.ar\/%77%70%2d%69%6e%63%6c%75%64%65%73\/js\/wp-embed.min.js\n<\/script>\n","thumbnail_url":"https:\/\/minutosantafe.ar\/wp-content\/uploads\/2024\/03\/5qw1wKv7u_1300x655__2.webp","thumbnail_width":1232,"thumbnail_height":655,"description":"El gobierno no tiene dramas con torturar Las\u00a0denuncias por torturas en la c\u00e1rcel de Pi\u00f1ero\u00a0y en la Unidad Penitenciaria 16 de P\u00e9rez fueron relativizadas ayer por la titular del Servicio Penitenciario provincial, Luc\u00eda Masneri, quien atribuy\u00f3 las presentaciones a que \u00abdesde diciembre se retiraron los privilegios y eso gener\u00f3 resistencia,..."}

El gobierno no tiene dramas con torturar Las denuncias por torturas en la cárcel de Piñero y en la Unidad Penitenciaria 16 de Pérez fueron relativizadas ayer por la titular del Servicio Penitenciario provincial, Lucía Masneri, quien atribuyó las presentaciones a que «desde diciembre se retiraron los privilegios y eso generó resistencia,...
