{"version":"1.0","provider_name":"MinutoSantaFe.ar","provider_url":"https:\/\/minutosantafe.ar","author_name":"Editor","author_url":"https:\/\/minutosantafe.ar\/author\/editor\/","title":"Reparaci\u00f3n a v\u00edctimas de violencia institucional en democracia - MinutoSantaFe.ar","type":"rich","width":600,"height":338,"html":"<blockquote class=\"wp-embedded-content\" data-secret=\"Cc2SJjrHI6\"><a href=\"https:\/\/minutosantafe.ar\/reparacion-a-victimas-de-violencia-institucional-en-democracia\/\">Reparaci\u00f3n a v\u00edctimas de violencia institucional en democracia<\/a><\/blockquote><iframe sandbox=\"allow-scripts\" security=\"restricted\" src=\"https:\/\/minutosantafe.ar\/reparacion-a-victimas-de-violencia-institucional-en-democracia\/embed\/#?secret=Cc2SJjrHI6\" width=\"600\" height=\"338\" title=\"\u00abReparaci\u00f3n a v\u00edctimas de violencia institucional en democracia\u00bb \u2014 MinutoSantaFe.ar\" data-secret=\"Cc2SJjrHI6\" frameborder=\"0\" marginwidth=\"0\" marginheight=\"0\" scrolling=\"no\" class=\"wp-embedded-content\"><\/iframe><script type=\"text\/javascript\">\n\/* <![CDATA[ *\/\n\/*! This file is auto-generated *\/\n!function(d,l){\"use strict\";l.querySelector&&d.addEventListener&&\"undefined\"!=typeof URL&&(d.wp=d.wp||{},d.wp.receiveEmbedMessage||(d.wp.receiveEmbedMessage=function(e){var t=e.data;if((t||t.secret||t.message||t.value)&&!\/[^a-zA-Z0-9]\/.test(t.secret)){for(var s,r,n,a=l.querySelectorAll('iframe[data-secret=\"'+t.secret+'\"]'),o=l.querySelectorAll('blockquote[data-secret=\"'+t.secret+'\"]'),c=new RegExp(\"^https?:$\",\"i\"),i=0;i<o.length;i++)o[i].style.display=\"none\";for(i=0;i<a.length;i++)s=a[i],e.source===s.contentWindow&&(s.removeAttribute(\"style\"),\"height\"===t.message?(1e3<(r=parseInt(t.value,10))?r=1e3:~~r<200&&(r=200),s.height=r):\"link\"===t.message&&(r=new URL(s.getAttribute(\"src\")),n=new URL(t.value),c.test(n.protocol))&&n.host===r.host&&l.activeElement===s&&(d.top.location.href=t.value))}},d.addEventListener(\"message\",d.wp.receiveEmbedMessage,!1),l.addEventListener(\"DOMContentLoaded\",function(){for(var e,t,s=l.querySelectorAll(\"iframe.wp-embedded-content\"),r=0;r<s.length;r++)(t=(e=s[r]).getAttribute(\"data-secret\"))||(t=Math.random().toString(36).substring(2,12),e.src+=\"#?secret=\"+t,e.setAttribute(\"data-secret\",t)),e.contentWindow.postMessage({message:\"ready\",secret:t},\"*\")},!1)))}(window,document);\n\/\/# sourceURL=https:\/\/minutosantafe.ar\/%77%70%2d%69%6e%63%6c%75%64%65%73\/js\/wp-embed.min.js\n\/* ]]> *\/\n<\/script>\n","thumbnail_url":"https:\/\/minutosantafe.ar\/wp-content\/uploads\/2023\/11\/792829-ro02fo0124web.jpg","thumbnail_width":960,"thumbnail_height":640,"description":"El Senado provincial sancion\u00f3 la ley que otorga una pensi\u00f3n vitalicia y cobertura m\u00e9dica a sobrevivientes travestis y trans. La manifestaci\u00f3n de la comunidad travesti trans hizo posible la ley reparatoria.\u00a0 Santa Fe es desde ayer la primera provincia en contar con una ley de reparaci\u00f3n hist\u00f3rica post dictadura para..."}

Reparación a víctimas de violencia institucional en democracia - MinutoSantaFe.ar

<blockquote class="wp-embedded-content" data-secret="Cc2SJjrHI6"><a href="https://minutosantafe.ar/reparacion-a-victimas-de-violencia-institucional-en-democracia/">Reparación a víctimas de violencia institucional en democracia</a></blockquote><iframe sandbox="allow-scripts" security="restricted" src="https://minutosantafe.ar/reparacion-a-victimas-de-violencia-institucional-en-democracia/embed/#?secret=Cc2SJjrHI6" width="600" height="338" title="«Reparación a víctimas de violencia institucional en democracia» — MinutoSantaFe.ar" data-secret="Cc2SJjrHI6" frameborder="0" marginwidth="0" marginheight="0" scrolling="no" class="wp-embedded-content"></iframe><script type="text/javascript">
/* <![CDATA[ */
/*! This file is auto-generated */
!function(d,l){"use strict";l.querySelector&&d.addEventListener&&"undefined"!=typeof URL&&(d.wp=d.wp||{},d.wp.receiveEmbedMessage||(d.wp.receiveEmbedMessage=function(e){var t=e.data;if((t||t.secret||t.message||t.value)&&!/[^a-zA-Z0-9]/.test(t.secret)){for(var s,r,n,a=l.querySelectorAll('iframe[data-secret="'+t.secret+'"]'),o=l.querySelectorAll('blockquote[data-secret="'+t.secret+'"]'),c=new RegExp("^https?:$","i"),i=0;i<o.length;i++)o[i].style.display="none";for(i=0;i<a.length;i++)s=a[i],e.source===s.contentWindow&&(s.removeAttribute("style"),"height"===t.message?(1e3<(r=parseInt(t.value,10))?r=1e3:~~r<200&&(r=200),s.height=r):"link"===t.message&&(r=new URL(s.getAttribute("src")),n=new URL(t.value),c.test(n.protocol))&&n.host===r.host&&l.activeElement===s&&(d.top.location.href=t.value))}},d.addEventListener("message",d.wp.receiveEmbedMessage,!1),l.addEventListener("DOMContentLoaded",function(){for(var e,t,s=l.querySelectorAll("iframe.wp-embedded-content"),r=0;r<s.length;r++)(t=(e=s[r]).getAttribute("data-secret"))||(t=Math.random().toString(36).substring(2,12),e.src+="#?secret="+t,e.setAttribute("data-secret",t)),e.contentWindow.postMessage({message:"ready",secret:t},"*")},!1)))}(window,document);
//# sourceURL=https://minutosantafe.ar/%77%70%2d%69%6e%63%6c%75%64%65%73/js/wp-embed.min.js
/* ]]> */
</script>

El Senado provincial sancionó la ley que otorga una pensión vitalicia y cobertura médica a sobrevivientes travestis y trans. La manifestación de la comunidad travesti trans hizo posible la ley reparatoria.  Santa Fe es desde ayer la primera provincia en contar con una ley de reparación histórica post dictadura para...
