{"version":"1.0","provider_name":"MinutoSantaFe.ar","provider_url":"https:\/\/minutosantafe.ar","author_name":"Editor","author_url":"https:\/\/minutosantafe.ar\/author\/editor\/","title":"Revel\u00f3 una conversaci\u00f3n que tuvo con un empresario - MinutoSantaFe.ar","type":"rich","width":600,"height":338,"html":"<blockquote class=\"wp-embedded-content\" data-secret=\"Jzp4Tz3kVj\"><a href=\"https:\/\/minutosantafe.ar\/revelo-una-conversacion-que-tuvo-con-un-empresario\/\">Revel\u00f3 una conversaci\u00f3n que tuvo con un empresario<\/a><\/blockquote><iframe sandbox=\"allow-scripts\" security=\"restricted\" src=\"https:\/\/minutosantafe.ar\/revelo-una-conversacion-que-tuvo-con-un-empresario\/embed\/#?secret=Jzp4Tz3kVj\" width=\"600\" height=\"338\" title=\"\u00abRevel\u00f3 una conversaci\u00f3n que tuvo con un empresario\u00bb \u2014 MinutoSantaFe.ar\" data-secret=\"Jzp4Tz3kVj\" frameborder=\"0\" marginwidth=\"0\" marginheight=\"0\" scrolling=\"no\" class=\"wp-embedded-content\"><\/iframe><script type=\"text\/javascript\">\n\/* <![CDATA[ *\/\n\/*! This file is auto-generated *\/\n!function(d,l){\"use strict\";l.querySelector&&d.addEventListener&&\"undefined\"!=typeof URL&&(d.wp=d.wp||{},d.wp.receiveEmbedMessage||(d.wp.receiveEmbedMessage=function(e){var t=e.data;if((t||t.secret||t.message||t.value)&&!\/[^a-zA-Z0-9]\/.test(t.secret)){for(var s,r,n,a=l.querySelectorAll('iframe[data-secret=\"'+t.secret+'\"]'),o=l.querySelectorAll('blockquote[data-secret=\"'+t.secret+'\"]'),c=new RegExp(\"^https?:$\",\"i\"),i=0;i<o.length;i++)o[i].style.display=\"none\";for(i=0;i<a.length;i++)s=a[i],e.source===s.contentWindow&&(s.removeAttribute(\"style\"),\"height\"===t.message?(1e3<(r=parseInt(t.value,10))?r=1e3:~~r<200&&(r=200),s.height=r):\"link\"===t.message&&(r=new URL(s.getAttribute(\"src\")),n=new URL(t.value),c.test(n.protocol))&&n.host===r.host&&l.activeElement===s&&(d.top.location.href=t.value))}},d.addEventListener(\"message\",d.wp.receiveEmbedMessage,!1),l.addEventListener(\"DOMContentLoaded\",function(){for(var e,t,s=l.querySelectorAll(\"iframe.wp-embedded-content\"),r=0;r<s.length;r++)(t=(e=s[r]).getAttribute(\"data-secret\"))||(t=Math.random().toString(36).substring(2,12),e.src+=\"#?secret=\"+t,e.setAttribute(\"data-secret\",t)),e.contentWindow.postMessage({message:\"ready\",secret:t},\"*\")},!1)))}(window,document);\n\/\/# sourceURL=https:\/\/minutosantafe.ar\/%77%70%2d%69%6e%63%6c%75%64%65%73\/js\/wp-embed.min.js\n\/* ]]> *\/\n<\/script>\n","thumbnail_url":"https:\/\/minutosantafe.ar\/wp-content\/uploads\/2024\/09\/874744-50100-papa-2520francisco-0.jpg","thumbnail_width":960,"thumbnail_height":640,"description":"\u00ab\u00bfY para nosotros cu\u00e1nto?\u00bb: el caso de coima que denunci\u00f3 el Papa Francisco habl\u00f3 del hecho durante el encuentro que mantuvo con movimientos sociales. Tambi\u00e9n critic\u00f3 duramente al gobierno de Javier Milei por la represi\u00f3n con gas pimienta a los jubilados. &nbsp; El Papa Francisco cont\u00f3 de un caso de..."}

Reveló una conversación que tuvo con un empresario - MinutoSantaFe.ar

<blockquote class="wp-embedded-content" data-secret="Jzp4Tz3kVj"><a href="https://minutosantafe.ar/revelo-una-conversacion-que-tuvo-con-un-empresario/">Reveló una conversación que tuvo con un empresario</a></blockquote><iframe sandbox="allow-scripts" security="restricted" src="https://minutosantafe.ar/revelo-una-conversacion-que-tuvo-con-un-empresario/embed/#?secret=Jzp4Tz3kVj" width="600" height="338" title="«Reveló una conversación que tuvo con un empresario» — MinutoSantaFe.ar" data-secret="Jzp4Tz3kVj" frameborder="0" marginwidth="0" marginheight="0" scrolling="no" class="wp-embedded-content"></iframe><script type="text/javascript">
/* <![CDATA[ */
/*! This file is auto-generated */
!function(d,l){"use strict";l.querySelector&&d.addEventListener&&"undefined"!=typeof URL&&(d.wp=d.wp||{},d.wp.receiveEmbedMessage||(d.wp.receiveEmbedMessage=function(e){var t=e.data;if((t||t.secret||t.message||t.value)&&!/[^a-zA-Z0-9]/.test(t.secret)){for(var s,r,n,a=l.querySelectorAll('iframe[data-secret="'+t.secret+'"]'),o=l.querySelectorAll('blockquote[data-secret="'+t.secret+'"]'),c=new RegExp("^https?:$","i"),i=0;i<o.length;i++)o[i].style.display="none";for(i=0;i<a.length;i++)s=a[i],e.source===s.contentWindow&&(s.removeAttribute("style"),"height"===t.message?(1e3<(r=parseInt(t.value,10))?r=1e3:~~r<200&&(r=200),s.height=r):"link"===t.message&&(r=new URL(s.getAttribute("src")),n=new URL(t.value),c.test(n.protocol))&&n.host===r.host&&l.activeElement===s&&(d.top.location.href=t.value))}},d.addEventListener("message",d.wp.receiveEmbedMessage,!1),l.addEventListener("DOMContentLoaded",function(){for(var e,t,s=l.querySelectorAll("iframe.wp-embedded-content"),r=0;r<s.length;r++)(t=(e=s[r]).getAttribute("data-secret"))||(t=Math.random().toString(36).substring(2,12),e.src+="#?secret="+t,e.setAttribute("data-secret",t)),e.contentWindow.postMessage({message:"ready",secret:t},"*")},!1)))}(window,document);
//# sourceURL=https://minutosantafe.ar/%77%70%2d%69%6e%63%6c%75%64%65%73/js/wp-embed.min.js
/* ]]> */
</script>

«¿Y para nosotros cuánto?»: el caso de coima que denunció el Papa Francisco habló del hecho durante el encuentro que mantuvo con movimientos sociales. También criticó duramente al gobierno de Javier Milei por la represión con gas pimienta a los jubilados. &nbsp; El Papa Francisco contó de un caso de...
