{"version":"1.0","provider_name":"MinutoSantaFe.ar","provider_url":"https:\/\/minutosantafe.ar","author_name":"Editor","author_url":"https:\/\/minutosantafe.ar\/author\/editor\/","title":"Rosario: la ciudad y los libros - MinutoSantaFe.ar","type":"rich","width":600,"height":338,"html":"<blockquote class=\"wp-embedded-content\" data-secret=\"Lk93LRe5Hw\"><a href=\"https:\/\/minutosantafe.ar\/rosario-la-ciudad-y-los-libros\/\">Rosario: la ciudad y los libros<\/a><\/blockquote><iframe sandbox=\"allow-scripts\" security=\"restricted\" src=\"https:\/\/minutosantafe.ar\/rosario-la-ciudad-y-los-libros\/embed\/#?secret=Lk93LRe5Hw\" width=\"600\" height=\"338\" title=\"\u00abRosario: la ciudad y los libros\u00bb \u2014 MinutoSantaFe.ar\" data-secret=\"Lk93LRe5Hw\" frameborder=\"0\" marginwidth=\"0\" marginheight=\"0\" scrolling=\"no\" class=\"wp-embedded-content\"><\/iframe><script>\n\/*! This file is auto-generated *\/\n!function(d,l){\"use strict\";l.querySelector&&d.addEventListener&&\"undefined\"!=typeof URL&&(d.wp=d.wp||{},d.wp.receiveEmbedMessage||(d.wp.receiveEmbedMessage=function(e){var t=e.data;if((t||t.secret||t.message||t.value)&&!\/[^a-zA-Z0-9]\/.test(t.secret)){for(var s,r,n,a=l.querySelectorAll('iframe[data-secret=\"'+t.secret+'\"]'),o=l.querySelectorAll('blockquote[data-secret=\"'+t.secret+'\"]'),c=new RegExp(\"^https?:$\",\"i\"),i=0;i<o.length;i++)o[i].style.display=\"none\";for(i=0;i<a.length;i++)s=a[i],e.source===s.contentWindow&&(s.removeAttribute(\"style\"),\"height\"===t.message?(1e3<(r=parseInt(t.value,10))?r=1e3:~~r<200&&(r=200),s.height=r):\"link\"===t.message&&(r=new URL(s.getAttribute(\"src\")),n=new URL(t.value),c.test(n.protocol))&&n.host===r.host&&l.activeElement===s&&(d.top.location.href=t.value))}},d.addEventListener(\"message\",d.wp.receiveEmbedMessage,!1),l.addEventListener(\"DOMContentLoaded\",function(){for(var e,t,s=l.querySelectorAll(\"iframe.wp-embedded-content\"),r=0;r<s.length;r++)(t=(e=s[r]).getAttribute(\"data-secret\"))||(t=Math.random().toString(36).substring(2,12),e.src+=\"#?secret=\"+t,e.setAttribute(\"data-secret\",t)),e.contentWindow.postMessage({message:\"ready\",secret:t},\"*\")},!1)))}(window,document);\n\/\/# sourceURL=https:\/\/minutosantafe.ar\/%77%70%2d%69%6e%63%6c%75%64%65%73\/js\/wp-embed.min.js\n<\/script>\n","thumbnail_url":"https:\/\/minutosantafe.ar\/wp-content\/uploads\/2025\/10\/981001-ro05fo0117.jpg","thumbnail_width":700,"thumbnail_height":467,"description":"Es un gran honor esta convocatoria. Me provoca una inmensa alegr\u00eda abrir la Feria del Libro de mi ciudad. Rosario es mucho m\u00e1s que el lugar donde nac\u00ed. Es el escenario de mi formaci\u00f3n como lector y como escritor, tambi\u00e9n mi referencia cultural y familiar. Me voy a permitir, entonces,..."}

Es un gran honor esta convocatoria. Me provoca una inmensa alegría abrir la Feria del Libro de mi ciudad. Rosario es mucho más que el lugar donde nací. Es el escenario de mi formación como lector y como escritor, también mi referencia cultural y familiar. Me voy a permitir, entonces,...
