{"version":"1.0","provider_name":"MinutoSantaFe.ar","provider_url":"https:\/\/minutosantafe.ar","author_name":"Editor","author_url":"https:\/\/minutosantafe.ar\/author\/editor\/","title":"Rosario:Diecinueve a\u00f1os de prisi\u00f3n para el cabecilla de asaltos a bancos - MinutoSantaFe.ar","type":"rich","width":600,"height":338,"html":"<blockquote class=\"wp-embedded-content\" data-secret=\"ITO6igj5qb\"><a href=\"https:\/\/minutosantafe.ar\/rosariodiecinueve-anos-prision-cabecilla-asaltos-bancos\/\">Rosario:Diecinueve a\u00f1os de prisi\u00f3n para el cabecilla de asaltos a bancos<\/a><\/blockquote><iframe sandbox=\"allow-scripts\" security=\"restricted\" src=\"https:\/\/minutosantafe.ar\/rosariodiecinueve-anos-prision-cabecilla-asaltos-bancos\/embed\/#?secret=ITO6igj5qb\" width=\"600\" height=\"338\" title=\"\u00abRosario:Diecinueve a\u00f1os de prisi\u00f3n para el cabecilla de asaltos a bancos\u00bb \u2014 MinutoSantaFe.ar\" data-secret=\"ITO6igj5qb\" frameborder=\"0\" marginwidth=\"0\" marginheight=\"0\" scrolling=\"no\" class=\"wp-embedded-content\"><\/iframe><script type=\"text\/javascript\">\n\/* <![CDATA[ *\/\n\/*! This file is auto-generated *\/\n!function(d,l){\"use strict\";l.querySelector&&d.addEventListener&&\"undefined\"!=typeof URL&&(d.wp=d.wp||{},d.wp.receiveEmbedMessage||(d.wp.receiveEmbedMessage=function(e){var t=e.data;if((t||t.secret||t.message||t.value)&&!\/[^a-zA-Z0-9]\/.test(t.secret)){for(var s,r,n,a=l.querySelectorAll('iframe[data-secret=\"'+t.secret+'\"]'),o=l.querySelectorAll('blockquote[data-secret=\"'+t.secret+'\"]'),c=new RegExp(\"^https?:$\",\"i\"),i=0;i<o.length;i++)o[i].style.display=\"none\";for(i=0;i<a.length;i++)s=a[i],e.source===s.contentWindow&&(s.removeAttribute(\"style\"),\"height\"===t.message?(1e3<(r=parseInt(t.value,10))?r=1e3:~~r<200&&(r=200),s.height=r):\"link\"===t.message&&(r=new URL(s.getAttribute(\"src\")),n=new URL(t.value),c.test(n.protocol))&&n.host===r.host&&l.activeElement===s&&(d.top.location.href=t.value))}},d.addEventListener(\"message\",d.wp.receiveEmbedMessage,!1),l.addEventListener(\"DOMContentLoaded\",function(){for(var e,t,s=l.querySelectorAll(\"iframe.wp-embedded-content\"),r=0;r<s.length;r++)(t=(e=s[r]).getAttribute(\"data-secret\"))||(t=Math.random().toString(36).substring(2,12),e.src+=\"#?secret=\"+t,e.setAttribute(\"data-secret\",t)),e.contentWindow.postMessage({message:\"ready\",secret:t},\"*\")},!1)))}(window,document);\n\/\/# sourceURL=https:\/\/minutosantafe.ar\/%77%70%2d%69%6e%63%6c%75%64%65%73\/js\/wp-embed.min.js\n\/* ]]> *\/\n<\/script>\n","thumbnail_url":"https:\/\/minutosantafe.ar\/%77%70%2d%63%6f%6e%74%65%6e%74\/uploads\/2020\/08\/minutologuin.png","thumbnail_width":514,"thumbnail_height":429,"description":"Sergio Mart\u00edn Ca\u00f1ete fue condenado a prisi\u00f3n de cumplimiento efectivo. La Justicia determin\u00f3 que lider\u00f3 tres atracos a entidades de Rosario y la regi\u00f3n en 2015, antes de su detenci\u00f3n. Sus c\u00f3mplices ya hab\u00edan sido sentenciados La Justicia rosarina conden\u00f3 este lunes a 19 a\u00f1os de prisi\u00f3n efectiva a Sergio..."}

Rosario:Diecinueve años de prisión para el cabecilla de asaltos a bancos - MinutoSantaFe.ar

<blockquote class="wp-embedded-content" data-secret="ITO6igj5qb"><a href="https://minutosantafe.ar/rosariodiecinueve-anos-prision-cabecilla-asaltos-bancos/">Rosario:Diecinueve años de prisión para el cabecilla de asaltos a bancos</a></blockquote><iframe sandbox="allow-scripts" security="restricted" src="https://minutosantafe.ar/rosariodiecinueve-anos-prision-cabecilla-asaltos-bancos/embed/#?secret=ITO6igj5qb" width="600" height="338" title="«Rosario:Diecinueve años de prisión para el cabecilla de asaltos a bancos» — MinutoSantaFe.ar" data-secret="ITO6igj5qb" frameborder="0" marginwidth="0" marginheight="0" scrolling="no" class="wp-embedded-content"></iframe><script type="text/javascript">
/* <![CDATA[ */
/*! This file is auto-generated */
!function(d,l){"use strict";l.querySelector&&d.addEventListener&&"undefined"!=typeof URL&&(d.wp=d.wp||{},d.wp.receiveEmbedMessage||(d.wp.receiveEmbedMessage=function(e){var t=e.data;if((t||t.secret||t.message||t.value)&&!/[^a-zA-Z0-9]/.test(t.secret)){for(var s,r,n,a=l.querySelectorAll('iframe[data-secret="'+t.secret+'"]'),o=l.querySelectorAll('blockquote[data-secret="'+t.secret+'"]'),c=new RegExp("^https?:$","i"),i=0;i<o.length;i++)o[i].style.display="none";for(i=0;i<a.length;i++)s=a[i],e.source===s.contentWindow&&(s.removeAttribute("style"),"height"===t.message?(1e3<(r=parseInt(t.value,10))?r=1e3:~~r<200&&(r=200),s.height=r):"link"===t.message&&(r=new URL(s.getAttribute("src")),n=new URL(t.value),c.test(n.protocol))&&n.host===r.host&&l.activeElement===s&&(d.top.location.href=t.value))}},d.addEventListener("message",d.wp.receiveEmbedMessage,!1),l.addEventListener("DOMContentLoaded",function(){for(var e,t,s=l.querySelectorAll("iframe.wp-embedded-content"),r=0;r<s.length;r++)(t=(e=s[r]).getAttribute("data-secret"))||(t=Math.random().toString(36).substring(2,12),e.src+="#?secret="+t,e.setAttribute("data-secret",t)),e.contentWindow.postMessage({message:"ready",secret:t},"*")},!1)))}(window,document);
//# sourceURL=https://minutosantafe.ar/%77%70%2d%69%6e%63%6c%75%64%65%73/js/wp-embed.min.js
/* ]]> */
</script>

Sergio Martín Cañete fue condenado a prisión de cumplimiento efectivo. La Justicia determinó que lideró tres atracos a entidades de Rosario y la región en 2015, antes de su detención. Sus cómplices ya habían sido sentenciados La Justicia rosarina condenó este lunes a 19 años de prisión efectiva a Sergio...
