{"version":"1.0","provider_name":"MinutoSantaFe.ar","provider_url":"https:\/\/minutosantafe.ar","author_name":"Editor","author_url":"https:\/\/minutosantafe.ar\/author\/editor\/","title":"Santa Fe - MinutoSantaFe.ar","type":"rich","width":600,"height":338,"html":"<blockquote class=\"wp-embedded-content\" data-secret=\"s33sehxuE1\"><a href=\"https:\/\/minutosantafe.ar\/santa-fe-7\/\">Santa Fe<\/a><\/blockquote><iframe sandbox=\"allow-scripts\" security=\"restricted\" src=\"https:\/\/minutosantafe.ar\/santa-fe-7\/embed\/#?secret=s33sehxuE1\" width=\"600\" height=\"338\" title=\"\u00abSanta Fe\u00bb \u2014 MinutoSantaFe.ar\" data-secret=\"s33sehxuE1\" frameborder=\"0\" marginwidth=\"0\" marginheight=\"0\" scrolling=\"no\" class=\"wp-embedded-content\"><\/iframe><script type=\"text\/javascript\">\n\/* <![CDATA[ *\/\n\/*! This file is auto-generated *\/\n!function(d,l){\"use strict\";l.querySelector&&d.addEventListener&&\"undefined\"!=typeof URL&&(d.wp=d.wp||{},d.wp.receiveEmbedMessage||(d.wp.receiveEmbedMessage=function(e){var t=e.data;if((t||t.secret||t.message||t.value)&&!\/[^a-zA-Z0-9]\/.test(t.secret)){for(var s,r,n,a=l.querySelectorAll('iframe[data-secret=\"'+t.secret+'\"]'),o=l.querySelectorAll('blockquote[data-secret=\"'+t.secret+'\"]'),c=new RegExp(\"^https?:$\",\"i\"),i=0;i<o.length;i++)o[i].style.display=\"none\";for(i=0;i<a.length;i++)s=a[i],e.source===s.contentWindow&&(s.removeAttribute(\"style\"),\"height\"===t.message?(1e3<(r=parseInt(t.value,10))?r=1e3:~~r<200&&(r=200),s.height=r):\"link\"===t.message&&(r=new URL(s.getAttribute(\"src\")),n=new URL(t.value),c.test(n.protocol))&&n.host===r.host&&l.activeElement===s&&(d.top.location.href=t.value))}},d.addEventListener(\"message\",d.wp.receiveEmbedMessage,!1),l.addEventListener(\"DOMContentLoaded\",function(){for(var e,t,s=l.querySelectorAll(\"iframe.wp-embedded-content\"),r=0;r<s.length;r++)(t=(e=s[r]).getAttribute(\"data-secret\"))||(t=Math.random().toString(36).substring(2,12),e.src+=\"#?secret=\"+t,e.setAttribute(\"data-secret\",t)),e.contentWindow.postMessage({message:\"ready\",secret:t},\"*\")},!1)))}(window,document);\n\/\/# sourceURL=https:\/\/minutosantafe.ar\/%77%70%2d%69%6e%63%6c%75%64%65%73\/js\/wp-embed.min.js\n\/* ]]> *\/\n<\/script>\n","thumbnail_url":"https:\/\/minutosantafe.ar\/wp-content\/uploads\/2023\/12\/Ricardo-Lujan.jpg","thumbnail_width":905,"thumbnail_height":510,"description":"Confirman el procesamiento de un exsubsecretario de Puertos y V\u00edas Navegables por enriquecimiento il\u00edcito Ricardo Luj\u00e1n est\u00e1 acusado de haber incrementado injustificadamente de manera apreciable su patrimonio durante los seis a\u00f1os en los que fue funcionario p\u00fablico. Su esposa est\u00e1 se\u00f1alada como part\u00edcipe necesaria. &nbsp; Ricardo Luj\u00e1n La Sala A..."}

Confirman el procesamiento de un exsubsecretario de Puertos y Vías Navegables por enriquecimiento ilícito Ricardo Luján está acusado de haber incrementado injustificadamente de manera apreciable su patrimonio durante los seis años en los que fue funcionario público. Su esposa está señalada como partícipe necesaria. &nbsp; Ricardo Luján La Sala A...
