{"version":"1.0","provider_name":"MinutoSantaFe.ar","provider_url":"https:\/\/minutosantafe.ar","author_name":"Editor","author_url":"https:\/\/minutosantafe.ar\/author\/editor\/","title":"\u00bfSE DIVIDEN POLITICA Y ECONOMIA? - MinutoSantaFe.ar","type":"rich","width":600,"height":338,"html":"<blockquote class=\"wp-embedded-content\" data-secret=\"6myLS6WGvp\"><a href=\"https:\/\/minutosantafe.ar\/se-dividen-politica-y-economia\/\">\u00bfSE DIVIDEN POLITICA Y ECONOMIA?<\/a><\/blockquote><iframe sandbox=\"allow-scripts\" security=\"restricted\" src=\"https:\/\/minutosantafe.ar\/se-dividen-politica-y-economia\/embed\/#?secret=6myLS6WGvp\" width=\"600\" height=\"338\" title=\"\u00ab\u00bfSE DIVIDEN POLITICA Y ECONOMIA?\u00bb \u2014 MinutoSantaFe.ar\" data-secret=\"6myLS6WGvp\" frameborder=\"0\" marginwidth=\"0\" marginheight=\"0\" scrolling=\"no\" class=\"wp-embedded-content\"><\/iframe><script type=\"text\/javascript\">\n\/* <![CDATA[ *\/\n\/*! This file is auto-generated *\/\n!function(d,l){\"use strict\";l.querySelector&&d.addEventListener&&\"undefined\"!=typeof URL&&(d.wp=d.wp||{},d.wp.receiveEmbedMessage||(d.wp.receiveEmbedMessage=function(e){var t=e.data;if((t||t.secret||t.message||t.value)&&!\/[^a-zA-Z0-9]\/.test(t.secret)){for(var s,r,n,a=l.querySelectorAll('iframe[data-secret=\"'+t.secret+'\"]'),o=l.querySelectorAll('blockquote[data-secret=\"'+t.secret+'\"]'),c=new RegExp(\"^https?:$\",\"i\"),i=0;i<o.length;i++)o[i].style.display=\"none\";for(i=0;i<a.length;i++)s=a[i],e.source===s.contentWindow&&(s.removeAttribute(\"style\"),\"height\"===t.message?(1e3<(r=parseInt(t.value,10))?r=1e3:~~r<200&&(r=200),s.height=r):\"link\"===t.message&&(r=new URL(s.getAttribute(\"src\")),n=new URL(t.value),c.test(n.protocol))&&n.host===r.host&&l.activeElement===s&&(d.top.location.href=t.value))}},d.addEventListener(\"message\",d.wp.receiveEmbedMessage,!1),l.addEventListener(\"DOMContentLoaded\",function(){for(var e,t,s=l.querySelectorAll(\"iframe.wp-embedded-content\"),r=0;r<s.length;r++)(t=(e=s[r]).getAttribute(\"data-secret\"))||(t=Math.random().toString(36).substring(2,12),e.src+=\"#?secret=\"+t,e.setAttribute(\"data-secret\",t)),e.contentWindow.postMessage({message:\"ready\",secret:t},\"*\")},!1)))}(window,document);\n\/\/# sourceURL=https:\/\/minutosantafe.ar\/%77%70%2d%69%6e%63%6c%75%64%65%73\/js\/wp-embed.min.js\n\/* ]]> *\/\n<\/script>\n","thumbnail_url":"https:\/\/minutosantafe.ar\/wp-content\/uploads\/2024\/05\/imagepng.webp","thumbnail_width":1200,"thumbnail_height":1165,"description":"En ausencia del presidente, fue Karina Milei quien condujo la reuni\u00f3n de gabinete El c\u00f3nclave de ministros fue encabezado por la Secretaria General\u00a0Karina Milei\u00a0y el Jefe de Gabinete,\u00a0Nicol\u00e1s Posse. La situaci\u00f3n es in\u00e9dita. &nbsp; El presidente\u00a0Javier Milei\u00a0est\u00e1 concentrado en el tema econ\u00f3mico y por ello su hermana.\u00a0Karina Milei, junto al..."}

En ausencia del presidente, fue Karina Milei quien condujo la reunión de gabinete El cónclave de ministros fue encabezado por la Secretaria General Karina Milei y el Jefe de Gabinete, Nicolás Posse. La situación es inédita. &nbsp; El presidente Javier Milei está concentrado en el tema económico y por ello su hermana. Karina Milei, junto al...
