{"version":"1.0","provider_name":"MinutoSantaFe.ar","provider_url":"https:\/\/minutosantafe.ar","author_name":"Editor","author_url":"https:\/\/minutosantafe.ar\/author\/editor\/","title":"\"Se termin\u00f3 para el Gobierno el tiempo de inventar y prometer\" - MinutoSantaFe.ar","type":"rich","width":600,"height":338,"html":"<blockquote class=\"wp-embedded-content\" data-secret=\"bxcihmo4km\"><a href=\"https:\/\/minutosantafe.ar\/se-termino-gobierno-tiempo-inventar-prometer\/\">\u00abSe termin\u00f3 para el Gobierno el tiempo de inventar y prometer\u00bb<\/a><\/blockquote><iframe sandbox=\"allow-scripts\" security=\"restricted\" src=\"https:\/\/minutosantafe.ar\/se-termino-gobierno-tiempo-inventar-prometer\/embed\/#?secret=bxcihmo4km\" width=\"600\" height=\"338\" title=\"\u00ab\u00abSe termin\u00f3 para el Gobierno el tiempo de inventar y prometer\u00bb\u00bb \u2014 MinutoSantaFe.ar\" data-secret=\"bxcihmo4km\" frameborder=\"0\" marginwidth=\"0\" marginheight=\"0\" scrolling=\"no\" class=\"wp-embedded-content\"><\/iframe><script type=\"text\/javascript\">\n\/* <![CDATA[ *\/\n\/*! This file is auto-generated *\/\n!function(d,l){\"use strict\";l.querySelector&&d.addEventListener&&\"undefined\"!=typeof URL&&(d.wp=d.wp||{},d.wp.receiveEmbedMessage||(d.wp.receiveEmbedMessage=function(e){var t=e.data;if((t||t.secret||t.message||t.value)&&!\/[^a-zA-Z0-9]\/.test(t.secret)){for(var s,r,n,a=l.querySelectorAll('iframe[data-secret=\"'+t.secret+'\"]'),o=l.querySelectorAll('blockquote[data-secret=\"'+t.secret+'\"]'),c=new RegExp(\"^https?:$\",\"i\"),i=0;i<o.length;i++)o[i].style.display=\"none\";for(i=0;i<a.length;i++)s=a[i],e.source===s.contentWindow&&(s.removeAttribute(\"style\"),\"height\"===t.message?(1e3<(r=parseInt(t.value,10))?r=1e3:~~r<200&&(r=200),s.height=r):\"link\"===t.message&&(r=new URL(s.getAttribute(\"src\")),n=new URL(t.value),c.test(n.protocol))&&n.host===r.host&&l.activeElement===s&&(d.top.location.href=t.value))}},d.addEventListener(\"message\",d.wp.receiveEmbedMessage,!1),l.addEventListener(\"DOMContentLoaded\",function(){for(var e,t,s=l.querySelectorAll(\"iframe.wp-embedded-content\"),r=0;r<s.length;r++)(t=(e=s[r]).getAttribute(\"data-secret\"))||(t=Math.random().toString(36).substring(2,12),e.src+=\"#?secret=\"+t,e.setAttribute(\"data-secret\",t)),e.contentWindow.postMessage({message:\"ready\",secret:t},\"*\")},!1)))}(window,document);\n\/\/# sourceURL=https:\/\/minutosantafe.ar\/%77%70%2d%69%6e%63%6c%75%64%65%73\/js\/wp-embed.min.js\n\/* ]]> *\/\n<\/script>\n","thumbnail_url":"https:\/\/i0.wp.com\/minutosantafe.ar\/wp-content\/uploads\/2018\/02\/not_911683_06_210506_m.jpg?fit=768%2C415&ssl=1","thumbnail_width":768,"thumbnail_height":415,"description":"El secretario general de la Federaci\u00f3n de Choferes de Camiones, Hugo Moyano, asegur\u00f3 no tener miedo de \u00abir preso\u00bb porque ya lo estuvo en tres oportunidades, se\u00f1al\u00f3 que tampoco siente temor de ser investigado y manifest\u00f3 que lo que realmente le molesta \u00abes que muchos sostengan tantas estupideces\u00bb, porque dijo..."}

"Se terminó para el Gobierno el tiempo de inventar y prometer" - MinutoSantaFe.ar

<blockquote class="wp-embedded-content" data-secret="bxcihmo4km"><a href="https://minutosantafe.ar/se-termino-gobierno-tiempo-inventar-prometer/">«Se terminó para el Gobierno el tiempo de inventar y prometer»</a></blockquote><iframe sandbox="allow-scripts" security="restricted" src="https://minutosantafe.ar/se-termino-gobierno-tiempo-inventar-prometer/embed/#?secret=bxcihmo4km" width="600" height="338" title="««Se terminó para el Gobierno el tiempo de inventar y prometer»» — MinutoSantaFe.ar" data-secret="bxcihmo4km" frameborder="0" marginwidth="0" marginheight="0" scrolling="no" class="wp-embedded-content"></iframe><script type="text/javascript">
/* <![CDATA[ */
/*! This file is auto-generated */
!function(d,l){"use strict";l.querySelector&&d.addEventListener&&"undefined"!=typeof URL&&(d.wp=d.wp||{},d.wp.receiveEmbedMessage||(d.wp.receiveEmbedMessage=function(e){var t=e.data;if((t||t.secret||t.message||t.value)&&!/[^a-zA-Z0-9]/.test(t.secret)){for(var s,r,n,a=l.querySelectorAll('iframe[data-secret="'+t.secret+'"]'),o=l.querySelectorAll('blockquote[data-secret="'+t.secret+'"]'),c=new RegExp("^https?:$","i"),i=0;i<o.length;i++)o[i].style.display="none";for(i=0;i<a.length;i++)s=a[i],e.source===s.contentWindow&&(s.removeAttribute("style"),"height"===t.message?(1e3<(r=parseInt(t.value,10))?r=1e3:~~r<200&&(r=200),s.height=r):"link"===t.message&&(r=new URL(s.getAttribute("src")),n=new URL(t.value),c.test(n.protocol))&&n.host===r.host&&l.activeElement===s&&(d.top.location.href=t.value))}},d.addEventListener("message",d.wp.receiveEmbedMessage,!1),l.addEventListener("DOMContentLoaded",function(){for(var e,t,s=l.querySelectorAll("iframe.wp-embedded-content"),r=0;r<s.length;r++)(t=(e=s[r]).getAttribute("data-secret"))||(t=Math.random().toString(36).substring(2,12),e.src+="#?secret="+t,e.setAttribute("data-secret",t)),e.contentWindow.postMessage({message:"ready",secret:t},"*")},!1)))}(window,document);
//# sourceURL=https://minutosantafe.ar/%77%70%2d%69%6e%63%6c%75%64%65%73/js/wp-embed.min.js
/* ]]> */
</script>

El secretario general de la Federación de Choferes de Camiones, Hugo Moyano, aseguró no tener miedo de «ir preso» porque ya lo estuvo en tres oportunidades, señaló que tampoco siente temor de ser investigado y manifestó que lo que realmente le molesta «es que muchos sostengan tantas estupideces», porque dijo...
