{"version":"1.0","provider_name":"MinutoSantaFe.ar","provider_url":"https:\/\/minutosantafe.ar","author_name":"Editor","author_url":"https:\/\/minutosantafe.ar\/author\/editor\/","title":"Se va otra funcionaria clave de Larreta - MinutoSantaFe.ar","type":"rich","width":600,"height":338,"html":"<blockquote class=\"wp-embedded-content\" data-secret=\"iX3D04xH8k\"><a href=\"https:\/\/minutosantafe.ar\/se-va-otra-funcionaria-clave-de-larreta\/\">Se va otra funcionaria clave de Larreta<\/a><\/blockquote><iframe sandbox=\"allow-scripts\" security=\"restricted\" src=\"https:\/\/minutosantafe.ar\/se-va-otra-funcionaria-clave-de-larreta\/embed\/#?secret=iX3D04xH8k\" width=\"600\" height=\"338\" title=\"\u00abSe va otra funcionaria clave de Larreta\u00bb \u2014 MinutoSantaFe.ar\" data-secret=\"iX3D04xH8k\" frameborder=\"0\" marginwidth=\"0\" marginheight=\"0\" scrolling=\"no\" class=\"wp-embedded-content\"><\/iframe><script>\n\/*! This file is auto-generated *\/\n!function(d,l){\"use strict\";l.querySelector&&d.addEventListener&&\"undefined\"!=typeof URL&&(d.wp=d.wp||{},d.wp.receiveEmbedMessage||(d.wp.receiveEmbedMessage=function(e){var t=e.data;if((t||t.secret||t.message||t.value)&&!\/[^a-zA-Z0-9]\/.test(t.secret)){for(var s,r,n,a=l.querySelectorAll('iframe[data-secret=\"'+t.secret+'\"]'),o=l.querySelectorAll('blockquote[data-secret=\"'+t.secret+'\"]'),c=new RegExp(\"^https?:$\",\"i\"),i=0;i<o.length;i++)o[i].style.display=\"none\";for(i=0;i<a.length;i++)s=a[i],e.source===s.contentWindow&&(s.removeAttribute(\"style\"),\"height\"===t.message?(1e3<(r=parseInt(t.value,10))?r=1e3:~~r<200&&(r=200),s.height=r):\"link\"===t.message&&(r=new URL(s.getAttribute(\"src\")),n=new URL(t.value),c.test(n.protocol))&&n.host===r.host&&l.activeElement===s&&(d.top.location.href=t.value))}},d.addEventListener(\"message\",d.wp.receiveEmbedMessage,!1),l.addEventListener(\"DOMContentLoaded\",function(){for(var e,t,s=l.querySelectorAll(\"iframe.wp-embedded-content\"),r=0;r<s.length;r++)(t=(e=s[r]).getAttribute(\"data-secret\"))||(t=Math.random().toString(36).substring(2,12),e.src+=\"#?secret=\"+t,e.setAttribute(\"data-secret\",t)),e.contentWindow.postMessage({message:\"ready\",secret:t},\"*\")},!1)))}(window,document);\n\/\/# sourceURL=https:\/\/minutosantafe.ar\/%77%70%2d%69%6e%63%6c%75%64%65%73\/js\/wp-embed.min.js\n<\/script>\n","thumbnail_url":"https:\/\/i0.wp.com\/minutosantafe.ar\/wp-content\/uploads\/2020\/04\/5dff9afc30687_940_529.jpg?fit=940%2C529&ssl=1","thumbnail_width":940,"thumbnail_height":529,"description":"Karina Fern\u00e1ndez deja el cargo de Secretaria de Estado por \u00abmotivos personales\u00bb. Karina Fern\u00e1ndez renunci\u00f3 al cargo de secretario de Estado de la Ciudad, una poisci\u00f3n que le permit\u00eda intervenir en distintos asuntos claves para Rodr\u00edguez Larreta, que la tuvo durante a\u00f1os como una de sus colaboradoras m\u00e1s cercanas. En..."}

Karina Fernández deja el cargo de Secretaria de Estado por «motivos personales». Karina Fernández renunció al cargo de secretario de Estado de la Ciudad, una poisción que le permitía intervenir en distintos asuntos claves para Rodríguez Larreta, que la tuvo durante años como una de sus colaboradoras más cercanas. En...
