{"version":"1.0","provider_name":"MinutoSantaFe.ar","provider_url":"https:\/\/minutosantafe.ar","author_name":"Editor","author_url":"https:\/\/minutosantafe.ar\/author\/editor\/","title":"\"Se vulnera de forma absoluta la soberan\u00eda nacional\" - MinutoSantaFe.ar","type":"rich","width":600,"height":338,"html":"<blockquote class=\"wp-embedded-content\" data-secret=\"8QW63Vg1wH\"><a href=\"https:\/\/minutosantafe.ar\/se-vulnera-de-forma-absoluta-la-soberania-nacional\/\">\u00abSe vulnera de forma absoluta la soberan\u00eda nacional\u00bb<\/a><\/blockquote><iframe sandbox=\"allow-scripts\" security=\"restricted\" src=\"https:\/\/minutosantafe.ar\/se-vulnera-de-forma-absoluta-la-soberania-nacional\/embed\/#?secret=8QW63Vg1wH\" width=\"600\" height=\"338\" title=\"\u00ab\u00abSe vulnera de forma absoluta la soberan\u00eda nacional\u00bb\u00bb \u2014 MinutoSantaFe.ar\" data-secret=\"8QW63Vg1wH\" frameborder=\"0\" marginwidth=\"0\" marginheight=\"0\" scrolling=\"no\" class=\"wp-embedded-content\"><\/iframe><script type=\"text\/javascript\">\n\/* <![CDATA[ *\/\n\/*! This file is auto-generated *\/\n!function(d,l){\"use strict\";l.querySelector&&d.addEventListener&&\"undefined\"!=typeof URL&&(d.wp=d.wp||{},d.wp.receiveEmbedMessage||(d.wp.receiveEmbedMessage=function(e){var t=e.data;if((t||t.secret||t.message||t.value)&&!\/[^a-zA-Z0-9]\/.test(t.secret)){for(var s,r,n,a=l.querySelectorAll('iframe[data-secret=\"'+t.secret+'\"]'),o=l.querySelectorAll('blockquote[data-secret=\"'+t.secret+'\"]'),c=new RegExp(\"^https?:$\",\"i\"),i=0;i<o.length;i++)o[i].style.display=\"none\";for(i=0;i<a.length;i++)s=a[i],e.source===s.contentWindow&&(s.removeAttribute(\"style\"),\"height\"===t.message?(1e3<(r=parseInt(t.value,10))?r=1e3:~~r<200&&(r=200),s.height=r):\"link\"===t.message&&(r=new URL(s.getAttribute(\"src\")),n=new URL(t.value),c.test(n.protocol))&&n.host===r.host&&l.activeElement===s&&(d.top.location.href=t.value))}},d.addEventListener(\"message\",d.wp.receiveEmbedMessage,!1),l.addEventListener(\"DOMContentLoaded\",function(){for(var e,t,s=l.querySelectorAll(\"iframe.wp-embedded-content\"),r=0;r<s.length;r++)(t=(e=s[r]).getAttribute(\"data-secret\"))||(t=Math.random().toString(36).substring(2,12),e.src+=\"#?secret=\"+t,e.setAttribute(\"data-secret\",t)),e.contentWindow.postMessage({message:\"ready\",secret:t},\"*\")},!1)))}(window,document);\n\/\/# sourceURL=https:\/\/minutosantafe.ar\/%77%70%2d%69%6e%63%6c%75%64%65%73\/js\/wp-embed.min.js\n\/* ]]> *\/\n<\/script>\n","thumbnail_url":"https:\/\/minutosantafe.ar\/wp-content\/uploads\/2024\/07\/854806-whatsapp-20image-202024-07-10-20at-209-57-39-20pm.jpeg","thumbnail_width":960,"thumbnail_height":640,"description":"Los sindicatos ponen el grito en el cielo por la desregulaci\u00f3n del mercado a\u00e9reo Advirtieron que el ingreso de empresas de otros pa\u00edses destruir\u00e1 a Aerol\u00edneas Argentina, cerrar\u00e1 rutas y pondr\u00e1 en riesgo la seguridad a\u00e9rea. Por\u00a0Melisa Molina &nbsp; El gobierno de Javier Milei, por m\u00e1s que no logr\u00f3 privatizar..."}

"Se vulnera de forma absoluta la soberanía nacional" - MinutoSantaFe.ar

<blockquote class="wp-embedded-content" data-secret="8QW63Vg1wH"><a href="https://minutosantafe.ar/se-vulnera-de-forma-absoluta-la-soberania-nacional/">«Se vulnera de forma absoluta la soberanía nacional»</a></blockquote><iframe sandbox="allow-scripts" security="restricted" src="https://minutosantafe.ar/se-vulnera-de-forma-absoluta-la-soberania-nacional/embed/#?secret=8QW63Vg1wH" width="600" height="338" title="««Se vulnera de forma absoluta la soberanía nacional»» — MinutoSantaFe.ar" data-secret="8QW63Vg1wH" frameborder="0" marginwidth="0" marginheight="0" scrolling="no" class="wp-embedded-content"></iframe><script type="text/javascript">
/* <![CDATA[ */
/*! This file is auto-generated */
!function(d,l){"use strict";l.querySelector&&d.addEventListener&&"undefined"!=typeof URL&&(d.wp=d.wp||{},d.wp.receiveEmbedMessage||(d.wp.receiveEmbedMessage=function(e){var t=e.data;if((t||t.secret||t.message||t.value)&&!/[^a-zA-Z0-9]/.test(t.secret)){for(var s,r,n,a=l.querySelectorAll('iframe[data-secret="'+t.secret+'"]'),o=l.querySelectorAll('blockquote[data-secret="'+t.secret+'"]'),c=new RegExp("^https?:$","i"),i=0;i<o.length;i++)o[i].style.display="none";for(i=0;i<a.length;i++)s=a[i],e.source===s.contentWindow&&(s.removeAttribute("style"),"height"===t.message?(1e3<(r=parseInt(t.value,10))?r=1e3:~~r<200&&(r=200),s.height=r):"link"===t.message&&(r=new URL(s.getAttribute("src")),n=new URL(t.value),c.test(n.protocol))&&n.host===r.host&&l.activeElement===s&&(d.top.location.href=t.value))}},d.addEventListener("message",d.wp.receiveEmbedMessage,!1),l.addEventListener("DOMContentLoaded",function(){for(var e,t,s=l.querySelectorAll("iframe.wp-embedded-content"),r=0;r<s.length;r++)(t=(e=s[r]).getAttribute("data-secret"))||(t=Math.random().toString(36).substring(2,12),e.src+="#?secret="+t,e.setAttribute("data-secret",t)),e.contentWindow.postMessage({message:"ready",secret:t},"*")},!1)))}(window,document);
//# sourceURL=https://minutosantafe.ar/%77%70%2d%69%6e%63%6c%75%64%65%73/js/wp-embed.min.js
/* ]]> */
</script>

Los sindicatos ponen el grito en el cielo por la desregulación del mercado aéreo Advirtieron que el ingreso de empresas de otros países destruirá a Aerolíneas Argentina, cerrará rutas y pondrá en riesgo la seguridad aérea. Por Melisa Molina &nbsp; El gobierno de Javier Milei, por más que no logró privatizar...
