{"version":"1.0","provider_name":"MinutoSantaFe.ar","provider_url":"https:\/\/minutosantafe.ar","author_name":"Editor","author_url":"https:\/\/minutosantafe.ar\/author\/editor\/","title":"Sebasti\u00e1n Ferreira ser\u00e1 jugador de Central - MinutoSantaFe.ar","type":"rich","width":600,"height":338,"html":"<blockquote class=\"wp-embedded-content\" data-secret=\"Ud6yUVkQOF\"><a href=\"https:\/\/minutosantafe.ar\/sebastian-ferreira-sera-jugador-de-central\/\">Sebasti\u00e1n Ferreira ser\u00e1 jugador de Central<\/a><\/blockquote><iframe sandbox=\"allow-scripts\" security=\"restricted\" src=\"https:\/\/minutosantafe.ar\/sebastian-ferreira-sera-jugador-de-central\/embed\/#?secret=Ud6yUVkQOF\" width=\"600\" height=\"338\" title=\"\u00abSebasti\u00e1n Ferreira ser\u00e1 jugador de Central\u00bb \u2014 MinutoSantaFe.ar\" data-secret=\"Ud6yUVkQOF\" frameborder=\"0\" marginwidth=\"0\" marginheight=\"0\" scrolling=\"no\" class=\"wp-embedded-content\"><\/iframe><script>\n\/*! This file is auto-generated *\/\n!function(d,l){\"use strict\";l.querySelector&&d.addEventListener&&\"undefined\"!=typeof URL&&(d.wp=d.wp||{},d.wp.receiveEmbedMessage||(d.wp.receiveEmbedMessage=function(e){var t=e.data;if((t||t.secret||t.message||t.value)&&!\/[^a-zA-Z0-9]\/.test(t.secret)){for(var s,r,n,a=l.querySelectorAll('iframe[data-secret=\"'+t.secret+'\"]'),o=l.querySelectorAll('blockquote[data-secret=\"'+t.secret+'\"]'),c=new RegExp(\"^https?:$\",\"i\"),i=0;i<o.length;i++)o[i].style.display=\"none\";for(i=0;i<a.length;i++)s=a[i],e.source===s.contentWindow&&(s.removeAttribute(\"style\"),\"height\"===t.message?(1e3<(r=parseInt(t.value,10))?r=1e3:~~r<200&&(r=200),s.height=r):\"link\"===t.message&&(r=new URL(s.getAttribute(\"src\")),n=new URL(t.value),c.test(n.protocol))&&n.host===r.host&&l.activeElement===s&&(d.top.location.href=t.value))}},d.addEventListener(\"message\",d.wp.receiveEmbedMessage,!1),l.addEventListener(\"DOMContentLoaded\",function(){for(var e,t,s=l.querySelectorAll(\"iframe.wp-embedded-content\"),r=0;r<s.length;r++)(t=(e=s[r]).getAttribute(\"data-secret\"))||(t=Math.random().toString(36).substring(2,12),e.src+=\"#?secret=\"+t,e.setAttribute(\"data-secret\",t)),e.contentWindow.postMessage({message:\"ready\",secret:t},\"*\")},!1)))}(window,document);\n\/\/# sourceURL=https:\/\/minutosantafe.ar\/%77%70%2d%69%6e%63%6c%75%64%65%73\/js\/wp-embed.min.js\n<\/script>\n","thumbnail_url":"https:\/\/minutosantafe.ar\/wp-content\/uploads\/2025\/01\/360-15.webp","thumbnail_width":639,"thumbnail_height":360,"description":"El delantero paraguayo llegar\u00e1 a Rosario para hacerse la revisi\u00f3n m\u00e9dica y firmar un contrato hasta diciembre de este a\u00f1o. El jugador de 26 a\u00f1os llega libre del Houston Dynamo de la Major League Soccer de Estados Unidos. POR RAMIRO PORTILLO Rosario Central sumar\u00e1 este lunes el tercer refuerzo de..."}

Sebastián Ferreira será jugador de Central - MinutoSantaFe.ar

<blockquote class="wp-embedded-content" data-secret="Ud6yUVkQOF"><a href="https://minutosantafe.ar/sebastian-ferreira-sera-jugador-de-central/">Sebastián Ferreira será jugador de Central</a></blockquote><iframe sandbox="allow-scripts" security="restricted" src="https://minutosantafe.ar/sebastian-ferreira-sera-jugador-de-central/embed/#?secret=Ud6yUVkQOF" width="600" height="338" title="«Sebastián Ferreira será jugador de Central» — MinutoSantaFe.ar" data-secret="Ud6yUVkQOF" frameborder="0" marginwidth="0" marginheight="0" scrolling="no" class="wp-embedded-content"></iframe><script>
/*! This file is auto-generated */
!function(d,l){"use strict";l.querySelector&&d.addEventListener&&"undefined"!=typeof URL&&(d.wp=d.wp||{},d.wp.receiveEmbedMessage||(d.wp.receiveEmbedMessage=function(e){var t=e.data;if((t||t.secret||t.message||t.value)&&!/[^a-zA-Z0-9]/.test(t.secret)){for(var s,r,n,a=l.querySelectorAll('iframe[data-secret="'+t.secret+'"]'),o=l.querySelectorAll('blockquote[data-secret="'+t.secret+'"]'),c=new RegExp("^https?:$","i"),i=0;i<o.length;i++)o[i].style.display="none";for(i=0;i<a.length;i++)s=a[i],e.source===s.contentWindow&&(s.removeAttribute("style"),"height"===t.message?(1e3<(r=parseInt(t.value,10))?r=1e3:~~r<200&&(r=200),s.height=r):"link"===t.message&&(r=new URL(s.getAttribute("src")),n=new URL(t.value),c.test(n.protocol))&&n.host===r.host&&l.activeElement===s&&(d.top.location.href=t.value))}},d.addEventListener("message",d.wp.receiveEmbedMessage,!1),l.addEventListener("DOMContentLoaded",function(){for(var e,t,s=l.querySelectorAll("iframe.wp-embedded-content"),r=0;r<s.length;r++)(t=(e=s[r]).getAttribute("data-secret"))||(t=Math.random().toString(36).substring(2,12),e.src+="#?secret="+t,e.setAttribute("data-secret",t)),e.contentWindow.postMessage({message:"ready",secret:t},"*")},!1)))}(window,document);
//# sourceURL=https://minutosantafe.ar/%77%70%2d%69%6e%63%6c%75%64%65%73/js/wp-embed.min.js
</script>

El delantero paraguayo llegará a Rosario para hacerse la revisión médica y firmar un contrato hasta diciembre de este año. El jugador de 26 años llega libre del Houston Dynamo de la Major League Soccer de Estados Unidos. POR RAMIRO PORTILLO Rosario Central sumará este lunes el tercer refuerzo de...
