{"version":"1.0","provider_name":"MinutoSantaFe.ar","provider_url":"https:\/\/minutosantafe.ar","author_name":"Editor","author_url":"https:\/\/minutosantafe.ar\/author\/editor\/","title":"Seguridad - MinutoSantaFe.ar","type":"rich","width":600,"height":338,"html":"<blockquote class=\"wp-embedded-content\" data-secret=\"L4NIR7CQs0\"><a href=\"https:\/\/minutosantafe.ar\/seguridad-2\/\">Seguridad<\/a><\/blockquote><iframe sandbox=\"allow-scripts\" security=\"restricted\" src=\"https:\/\/minutosantafe.ar\/seguridad-2\/embed\/#?secret=L4NIR7CQs0\" width=\"600\" height=\"338\" title=\"\u00abSeguridad\u00bb \u2014 MinutoSantaFe.ar\" data-secret=\"L4NIR7CQs0\" frameborder=\"0\" marginwidth=\"0\" marginheight=\"0\" scrolling=\"no\" class=\"wp-embedded-content\"><\/iframe><script>\n\/*! This file is auto-generated *\/\n!function(d,l){\"use strict\";l.querySelector&&d.addEventListener&&\"undefined\"!=typeof URL&&(d.wp=d.wp||{},d.wp.receiveEmbedMessage||(d.wp.receiveEmbedMessage=function(e){var t=e.data;if((t||t.secret||t.message||t.value)&&!\/[^a-zA-Z0-9]\/.test(t.secret)){for(var s,r,n,a=l.querySelectorAll('iframe[data-secret=\"'+t.secret+'\"]'),o=l.querySelectorAll('blockquote[data-secret=\"'+t.secret+'\"]'),c=new RegExp(\"^https?:$\",\"i\"),i=0;i<o.length;i++)o[i].style.display=\"none\";for(i=0;i<a.length;i++)s=a[i],e.source===s.contentWindow&&(s.removeAttribute(\"style\"),\"height\"===t.message?(1e3<(r=parseInt(t.value,10))?r=1e3:~~r<200&&(r=200),s.height=r):\"link\"===t.message&&(r=new URL(s.getAttribute(\"src\")),n=new URL(t.value),c.test(n.protocol))&&n.host===r.host&&l.activeElement===s&&(d.top.location.href=t.value))}},d.addEventListener(\"message\",d.wp.receiveEmbedMessage,!1),l.addEventListener(\"DOMContentLoaded\",function(){for(var e,t,s=l.querySelectorAll(\"iframe.wp-embedded-content\"),r=0;r<s.length;r++)(t=(e=s[r]).getAttribute(\"data-secret\"))||(t=Math.random().toString(36).substring(2,12),e.src+=\"#?secret=\"+t,e.setAttribute(\"data-secret\",t)),e.contentWindow.postMessage({message:\"ready\",secret:t},\"*\")},!1)))}(window,document);\n\/\/# sourceURL=https:\/\/minutosantafe.ar\/%77%70%2d%69%6e%63%6c%75%64%65%73\/js\/wp-embed.min.js\n<\/script>\n","thumbnail_url":"https:\/\/i0.wp.com\/minutosantafe.ar\/wp-content\/uploads\/2019\/12\/unnamed_x3x_crop1576175031925.jpg_1756841869.jpg?fit=800%2C450&ssl=1","thumbnail_width":800,"thumbnail_height":450,"description":"Sa\u00edn se reuni\u00f3 con Frederic El ministro de Seguridad provincial, Marcelo Sain, mantuvo ayer una reuni\u00f3n con su par nacional, Sabina Frederic, para avanzar en la coordinaci\u00f3n de lineamientos en materia de pol\u00edticas de seguridad para Santa Fe. \u00abSe trata del comienzo de un trabajo federal y de coordinaci\u00f3n entre..."}

Saín se reunió con Frederic El ministro de Seguridad provincial, Marcelo Sain, mantuvo ayer una reunión con su par nacional, Sabina Frederic, para avanzar en la coordinación de lineamientos en materia de políticas de seguridad para Santa Fe. «Se trata del comienzo de un trabajo federal y de coordinación entre...
