{"version":"1.0","provider_name":"MinutoSantaFe.ar","provider_url":"https:\/\/minutosantafe.ar","author_name":"Editor","author_url":"https:\/\/minutosantafe.ar\/author\/editor\/","title":"SENADOR NACIONAL PABLO BLANCO - MinutoSantaFe.ar","type":"rich","width":600,"height":338,"html":"<blockquote class=\"wp-embedded-content\" data-secret=\"TmyGMXYn7n\"><a href=\"https:\/\/minutosantafe.ar\/senador-nacional-pablo-blanco\/\">SENADOR NACIONAL PABLO BLANCO<\/a><\/blockquote><iframe sandbox=\"allow-scripts\" security=\"restricted\" src=\"https:\/\/minutosantafe.ar\/senador-nacional-pablo-blanco\/embed\/#?secret=TmyGMXYn7n\" width=\"600\" height=\"338\" title=\"\u00abSENADOR NACIONAL PABLO BLANCO\u00bb \u2014 MinutoSantaFe.ar\" data-secret=\"TmyGMXYn7n\" frameborder=\"0\" marginwidth=\"0\" marginheight=\"0\" scrolling=\"no\" class=\"wp-embedded-content\"><\/iframe><script>\n\/*! This file is auto-generated *\/\n!function(d,l){\"use strict\";l.querySelector&&d.addEventListener&&\"undefined\"!=typeof URL&&(d.wp=d.wp||{},d.wp.receiveEmbedMessage||(d.wp.receiveEmbedMessage=function(e){var t=e.data;if((t||t.secret||t.message||t.value)&&!\/[^a-zA-Z0-9]\/.test(t.secret)){for(var s,r,n,a=l.querySelectorAll('iframe[data-secret=\"'+t.secret+'\"]'),o=l.querySelectorAll('blockquote[data-secret=\"'+t.secret+'\"]'),c=new RegExp(\"^https?:$\",\"i\"),i=0;i<o.length;i++)o[i].style.display=\"none\";for(i=0;i<a.length;i++)s=a[i],e.source===s.contentWindow&&(s.removeAttribute(\"style\"),\"height\"===t.message?(1e3<(r=parseInt(t.value,10))?r=1e3:~~r<200&&(r=200),s.height=r):\"link\"===t.message&&(r=new URL(s.getAttribute(\"src\")),n=new URL(t.value),c.test(n.protocol))&&n.host===r.host&&l.activeElement===s&&(d.top.location.href=t.value))}},d.addEventListener(\"message\",d.wp.receiveEmbedMessage,!1),l.addEventListener(\"DOMContentLoaded\",function(){for(var e,t,s=l.querySelectorAll(\"iframe.wp-embedded-content\"),r=0;r<s.length;r++)(t=(e=s[r]).getAttribute(\"data-secret\"))||(t=Math.random().toString(36).substring(2,12),e.src+=\"#?secret=\"+t,e.setAttribute(\"data-secret\",t)),e.contentWindow.postMessage({message:\"ready\",secret:t},\"*\")},!1)))}(window,document);\n\/\/# sourceURL=https:\/\/minutosantafe.ar\/%77%70%2d%69%6e%63%6c%75%64%65%73\/js\/wp-embed.min.js\n<\/script>\n","thumbnail_url":"https:\/\/minutosantafe.ar\/wp-content\/uploads\/2024\/10\/pablo-blancojpg-1.webp","thumbnail_width":1200,"thumbnail_height":668,"description":"\u00abCasi la totalidad de diputados y senadores de la UCR rechazar\u00e1n el veto: no habr\u00e1 87 h\u00e9roes\u00bb \u201cEl presidente vetar\u00e1 la ley universitaria. Pero, tengo esperanzas en que en el Congreso podamos revertir ese veto\u201d. dijo el senador de la\u00a0UCR\u00a0Pablo Blanco \u201cA diferencia de lo que pas\u00f3 con el aumento..."}

«Casi la totalidad de diputados y senadores de la UCR rechazarán el veto: no habrá 87 héroes» “El presidente vetará la ley universitaria. Pero, tengo esperanzas en que en el Congreso podamos revertir ese veto”. dijo el senador de la UCR Pablo Blanco “A diferencia de lo que pasó con el aumento...
