{"version":"1.0","provider_name":"MinutoSantaFe.ar","provider_url":"https:\/\/minutosantafe.ar","author_name":"Editor","author_url":"https:\/\/minutosantafe.ar\/author\/editor\/","title":"Siete femicidios en dos meses en Santa Fe - MinutoSantaFe.ar","type":"rich","width":600,"height":338,"html":"<blockquote class=\"wp-embedded-content\" data-secret=\"xm2CaE6qRQ\"><a href=\"https:\/\/minutosantafe.ar\/siete-femicidios-en-dos-meses-en-santa-fe\/\">Siete femicidios en dos meses en Santa Fe<\/a><\/blockquote><iframe sandbox=\"allow-scripts\" security=\"restricted\" src=\"https:\/\/minutosantafe.ar\/siete-femicidios-en-dos-meses-en-santa-fe\/embed\/#?secret=xm2CaE6qRQ\" width=\"600\" height=\"338\" title=\"\u00abSiete femicidios en dos meses en Santa Fe\u00bb \u2014 MinutoSantaFe.ar\" data-secret=\"xm2CaE6qRQ\" frameborder=\"0\" marginwidth=\"0\" marginheight=\"0\" scrolling=\"no\" class=\"wp-embedded-content\"><\/iframe><script>\n\/*! This file is auto-generated *\/\n!function(d,l){\"use strict\";l.querySelector&&d.addEventListener&&\"undefined\"!=typeof URL&&(d.wp=d.wp||{},d.wp.receiveEmbedMessage||(d.wp.receiveEmbedMessage=function(e){var t=e.data;if((t||t.secret||t.message||t.value)&&!\/[^a-zA-Z0-9]\/.test(t.secret)){for(var s,r,n,a=l.querySelectorAll('iframe[data-secret=\"'+t.secret+'\"]'),o=l.querySelectorAll('blockquote[data-secret=\"'+t.secret+'\"]'),c=new RegExp(\"^https?:$\",\"i\"),i=0;i<o.length;i++)o[i].style.display=\"none\";for(i=0;i<a.length;i++)s=a[i],e.source===s.contentWindow&&(s.removeAttribute(\"style\"),\"height\"===t.message?(1e3<(r=parseInt(t.value,10))?r=1e3:~~r<200&&(r=200),s.height=r):\"link\"===t.message&&(r=new URL(s.getAttribute(\"src\")),n=new URL(t.value),c.test(n.protocol))&&n.host===r.host&&l.activeElement===s&&(d.top.location.href=t.value))}},d.addEventListener(\"message\",d.wp.receiveEmbedMessage,!1),l.addEventListener(\"DOMContentLoaded\",function(){for(var e,t,s=l.querySelectorAll(\"iframe.wp-embedded-content\"),r=0;r<s.length;r++)(t=(e=s[r]).getAttribute(\"data-secret\"))||(t=Math.random().toString(36).substring(2,12),e.src+=\"#?secret=\"+t,e.setAttribute(\"data-secret\",t)),e.contentWindow.postMessage({message:\"ready\",secret:t},\"*\")},!1)))}(window,document);\n\/\/# sourceURL=https:\/\/minutosantafe.ar\/%77%70%2d%69%6e%63%6c%75%64%65%73\/js\/wp-embed.min.js\n<\/script>\n","thumbnail_url":"https:\/\/minutosantafe.ar\/wp-content\/uploads\/2026\/03\/norma123.jpg","thumbnail_width":1280,"thumbnail_height":852,"description":"La crisis y el endeudamiento impulsan la escalada de violencia La concejala Norma Lopez es la referente del Observatorio Mercedes Pagnutti.\u00a0(Prensa Concejo) La concejala Norma L\u00f3pez, directora del Observatorio Mercedes Pagnutti, present\u00f3 los datos del \u00faltimo relevamiento de femicidios: entre enero y febrero de 2026, se registraron 45 femicidios en..."}

La crisis y el endeudamiento impulsan la escalada de violencia La concejala Norma Lopez es la referente del Observatorio Mercedes Pagnutti. (Prensa Concejo) La concejala Norma López, directora del Observatorio Mercedes Pagnutti, presentó los datos del último relevamiento de femicidios: entre enero y febrero de 2026, se registraron 45 femicidios en...
