{"version":"1.0","provider_name":"MinutoSantaFe.ar","provider_url":"https:\/\/minutosantafe.ar","author_name":"Editor","author_url":"https:\/\/minutosantafe.ar\/author\/editor\/","title":"Siguen las excusas - MinutoSantaFe.ar","type":"rich","width":600,"height":338,"html":"<blockquote class=\"wp-embedded-content\" data-secret=\"DtlShDH9q2\"><a href=\"https:\/\/minutosantafe.ar\/siguen-las-excusas\/\">Siguen las excusas<\/a><\/blockquote><iframe sandbox=\"allow-scripts\" security=\"restricted\" src=\"https:\/\/minutosantafe.ar\/siguen-las-excusas\/embed\/#?secret=DtlShDH9q2\" width=\"600\" height=\"338\" title=\"\u00abSiguen las excusas\u00bb \u2014 MinutoSantaFe.ar\" data-secret=\"DtlShDH9q2\" frameborder=\"0\" marginwidth=\"0\" marginheight=\"0\" scrolling=\"no\" class=\"wp-embedded-content\"><\/iframe><script type=\"text\/javascript\">\n\/* <![CDATA[ *\/\n\/*! This file is auto-generated *\/\n!function(d,l){\"use strict\";l.querySelector&&d.addEventListener&&\"undefined\"!=typeof URL&&(d.wp=d.wp||{},d.wp.receiveEmbedMessage||(d.wp.receiveEmbedMessage=function(e){var t=e.data;if((t||t.secret||t.message||t.value)&&!\/[^a-zA-Z0-9]\/.test(t.secret)){for(var s,r,n,a=l.querySelectorAll('iframe[data-secret=\"'+t.secret+'\"]'),o=l.querySelectorAll('blockquote[data-secret=\"'+t.secret+'\"]'),c=new RegExp(\"^https?:$\",\"i\"),i=0;i<o.length;i++)o[i].style.display=\"none\";for(i=0;i<a.length;i++)s=a[i],e.source===s.contentWindow&&(s.removeAttribute(\"style\"),\"height\"===t.message?(1e3<(r=parseInt(t.value,10))?r=1e3:~~r<200&&(r=200),s.height=r):\"link\"===t.message&&(r=new URL(s.getAttribute(\"src\")),n=new URL(t.value),c.test(n.protocol))&&n.host===r.host&&l.activeElement===s&&(d.top.location.href=t.value))}},d.addEventListener(\"message\",d.wp.receiveEmbedMessage,!1),l.addEventListener(\"DOMContentLoaded\",function(){for(var e,t,s=l.querySelectorAll(\"iframe.wp-embedded-content\"),r=0;r<s.length;r++)(t=(e=s[r]).getAttribute(\"data-secret\"))||(t=Math.random().toString(36).substring(2,12),e.src+=\"#?secret=\"+t,e.setAttribute(\"data-secret\",t)),e.contentWindow.postMessage({message:\"ready\",secret:t},\"*\")},!1)))}(window,document);\n\/\/# sourceURL=https:\/\/minutosantafe.ar\/%77%70%2d%69%6e%63%6c%75%64%65%73\/js\/wp-embed.min.js\n\/* ]]> *\/\n<\/script>\n","thumbnail_url":"https:\/\/minutosantafe.ar\/wp-content\/uploads\/2024\/05\/adorni-enojado-768x576-1.jpg","thumbnail_width":768,"thumbnail_height":576,"description":"El Gobierno apelar\u00e1 la decisi\u00f3n de la Justicia que orden\u00f3 repartir las 5 mil toneladas de alimentos El Ministerio de Capital Humano anunci\u00f3 que apelar\u00e1 la resoluci\u00f3n del juez Sebasti\u00e1n Casanello. Dijeron que \u201cno es una cuesti\u00f3n judicial sino que es una cuesti\u00f3n de pol\u00edtica p\u00fablica\u201d &nbsp; Por Noticias Argentinas\u00a0..."}

El Gobierno apelará la decisión de la Justicia que ordenó repartir las 5 mil toneladas de alimentos El Ministerio de Capital Humano anunció que apelará la resolución del juez Sebastián Casanello. Dijeron que “no es una cuestión judicial sino que es una cuestión de política pública” &nbsp; Por Noticias Argentinas ...
