{"version":"1.0","provider_name":"MinutoSantaFe.ar","provider_url":"https:\/\/minutosantafe.ar","author_name":"Editor","author_url":"https:\/\/minutosantafe.ar\/author\/editor\/","title":"Sospecha de terrorismo: evacuaron el aeropuerto de Frankfurt - MinutoSantaFe.ar","type":"rich","width":600,"height":338,"html":"<blockquote class=\"wp-embedded-content\" data-secret=\"apStCndghr\"><a href=\"https:\/\/minutosantafe.ar\/sospecha-de-terrorismo-evacuaron-el-aeropuerto-de-frankfurt\/\">Sospecha de terrorismo: evacuaron el aeropuerto de Frankfurt<\/a><\/blockquote><iframe sandbox=\"allow-scripts\" security=\"restricted\" src=\"https:\/\/minutosantafe.ar\/sospecha-de-terrorismo-evacuaron-el-aeropuerto-de-frankfurt\/embed\/#?secret=apStCndghr\" width=\"600\" height=\"338\" title=\"\u00abSospecha de terrorismo: evacuaron el aeropuerto de Frankfurt\u00bb \u2014 MinutoSantaFe.ar\" data-secret=\"apStCndghr\" frameborder=\"0\" marginwidth=\"0\" marginheight=\"0\" scrolling=\"no\" class=\"wp-embedded-content\"><\/iframe><script>\n\/*! This file is auto-generated *\/\n!function(d,l){\"use strict\";l.querySelector&&d.addEventListener&&\"undefined\"!=typeof URL&&(d.wp=d.wp||{},d.wp.receiveEmbedMessage||(d.wp.receiveEmbedMessage=function(e){var t=e.data;if((t||t.secret||t.message||t.value)&&!\/[^a-zA-Z0-9]\/.test(t.secret)){for(var s,r,n,a=l.querySelectorAll('iframe[data-secret=\"'+t.secret+'\"]'),o=l.querySelectorAll('blockquote[data-secret=\"'+t.secret+'\"]'),c=new RegExp(\"^https?:$\",\"i\"),i=0;i<o.length;i++)o[i].style.display=\"none\";for(i=0;i<a.length;i++)s=a[i],e.source===s.contentWindow&&(s.removeAttribute(\"style\"),\"height\"===t.message?(1e3<(r=parseInt(t.value,10))?r=1e3:~~r<200&&(r=200),s.height=r):\"link\"===t.message&&(r=new URL(s.getAttribute(\"src\")),n=new URL(t.value),c.test(n.protocol))&&n.host===r.host&&l.activeElement===s&&(d.top.location.href=t.value))}},d.addEventListener(\"message\",d.wp.receiveEmbedMessage,!1),l.addEventListener(\"DOMContentLoaded\",function(){for(var e,t,s=l.querySelectorAll(\"iframe.wp-embedded-content\"),r=0;r<s.length;r++)(t=(e=s[r]).getAttribute(\"data-secret\"))||(t=Math.random().toString(36).substring(2,12),e.src+=\"#?secret=\"+t,e.setAttribute(\"data-secret\",t)),e.contentWindow.postMessage({message:\"ready\",secret:t},\"*\")},!1)))}(window,document);\n\/\/# sourceURL=https:\/\/minutosantafe.ar\/%77%70%2d%69%6e%63%6c%75%64%65%73\/js\/wp-embed.min.js\n<\/script>\n","thumbnail_url":"https:\/\/i0.wp.com\/minutosantafe.ar\/wp-content\/uploads\/2021\/01\/38088990-9155077-image-a-36_1610824007666jpg.jpg?fit=1140%2C640&ssl=1","thumbnail_width":1140,"thumbnail_height":640,"description":"Una persona sospechosa arroj\u00f3 una bolsa a la terminal el grito de \u00abAllah Akbar\u00bb. Todos los pasajeros abandonaron la terminal. El aeropuerto de Frankfurt,\u00a0Alemania, debi\u00f3 ser evacuado este s\u00e1bado por sospecha de un ataque terrorista. Todos los pasajeros debieron abandonar el \u00e1rea p\u00fablica de la terminal. Una persona sospechosa arroj\u00f3..."}

Una persona sospechosa arrojó una bolsa a la terminal el grito de «Allah Akbar». Todos los pasajeros abandonaron la terminal. El aeropuerto de Frankfurt, Alemania, debió ser evacuado este sábado por sospecha de un ataque terrorista. Todos los pasajeros debieron abandonar el área pública de la terminal. Una persona sospechosa arrojó...
