{"version":"1.0","provider_name":"MinutoSantaFe.ar","provider_url":"https:\/\/minutosantafe.ar","author_name":"Editor","author_url":"https:\/\/minutosantafe.ar\/author\/editor\/","title":"Sueldos, obra social, motosierra y una interna feroz - MinutoSantaFe.ar","type":"rich","width":600,"height":338,"html":"<blockquote class=\"wp-embedded-content\" data-secret=\"EFwTVzZttR\"><a href=\"https:\/\/minutosantafe.ar\/sueldos-obra-social-motosierra-y-una-interna-feroz\/\">Sueldos, obra social, motosierra y una interna feroz<\/a><\/blockquote><iframe sandbox=\"allow-scripts\" security=\"restricted\" src=\"https:\/\/minutosantafe.ar\/sueldos-obra-social-motosierra-y-una-interna-feroz\/embed\/#?secret=EFwTVzZttR\" width=\"600\" height=\"338\" title=\"\u00abSueldos, obra social, motosierra y una interna feroz\u00bb \u2014 MinutoSantaFe.ar\" data-secret=\"EFwTVzZttR\" frameborder=\"0\" marginwidth=\"0\" marginheight=\"0\" scrolling=\"no\" class=\"wp-embedded-content\"><\/iframe><script type=\"text\/javascript\">\n\/* <![CDATA[ *\/\n\/*! This file is auto-generated *\/\n!function(d,l){\"use strict\";l.querySelector&&d.addEventListener&&\"undefined\"!=typeof URL&&(d.wp=d.wp||{},d.wp.receiveEmbedMessage||(d.wp.receiveEmbedMessage=function(e){var t=e.data;if((t||t.secret||t.message||t.value)&&!\/[^a-zA-Z0-9]\/.test(t.secret)){for(var s,r,n,a=l.querySelectorAll('iframe[data-secret=\"'+t.secret+'\"]'),o=l.querySelectorAll('blockquote[data-secret=\"'+t.secret+'\"]'),c=new RegExp(\"^https?:$\",\"i\"),i=0;i<o.length;i++)o[i].style.display=\"none\";for(i=0;i<a.length;i++)s=a[i],e.source===s.contentWindow&&(s.removeAttribute(\"style\"),\"height\"===t.message?(1e3<(r=parseInt(t.value,10))?r=1e3:~~r<200&&(r=200),s.height=r):\"link\"===t.message&&(r=new URL(s.getAttribute(\"src\")),n=new URL(t.value),c.test(n.protocol))&&n.host===r.host&&l.activeElement===s&&(d.top.location.href=t.value))}},d.addEventListener(\"message\",d.wp.receiveEmbedMessage,!1),l.addEventListener(\"DOMContentLoaded\",function(){for(var e,t,s=l.querySelectorAll(\"iframe.wp-embedded-content\"),r=0;r<s.length;r++)(t=(e=s[r]).getAttribute(\"data-secret\"))||(t=Math.random().toString(36).substring(2,12),e.src+=\"#?secret=\"+t,e.setAttribute(\"data-secret\",t)),e.contentWindow.postMessage({message:\"ready\",secret:t},\"*\")},!1)))}(window,document);\n\/\/# sourceURL=https:\/\/minutosantafe.ar\/%77%70%2d%69%6e%63%6c%75%64%65%73\/js\/wp-embed.min.js\n\/* ]]> *\/\n<\/script>\n","thumbnail_url":"https:\/\/minutosantafe.ar\/wp-content\/uploads\/2025\/07\/957650-2a-leandro-20teysseire-0.jpg","thumbnail_width":700,"thumbnail_height":467,"description":"El suicidio de un Polic\u00eda en el Churruca destap\u00f3 la crisis de la Federal por el ajuste libertario Bajo la desastrosa gesti\u00f3n de Patricia Bullrich, la fuerza tiene r\u00e9cord hist\u00f3rico de bajas. Entre los uniformados nadie cree en su discurso de \u00abdefensora de polic\u00edas\u00bb. Por\u00a0Ra\u00fal Kollmann . Imagen: Leandro Teysseire..."}

El suicidio de un Policía en el Churruca destapó la crisis de la Federal por el ajuste libertario Bajo la desastrosa gestión de Patricia Bullrich, la fuerza tiene récord histórico de bajas. Entre los uniformados nadie cree en su discurso de «defensora de policías». Por Raúl Kollmann . Imagen: Leandro Teysseire...
