{"version":"1.0","provider_name":"MinutoSantaFe.ar","provider_url":"https:\/\/minutosantafe.ar","author_name":"Editor","author_url":"https:\/\/minutosantafe.ar\/author\/editor\/","title":"Tensi\u00f3n en la marcha de jubilados frente al Congreso - MinutoSantaFe.ar","type":"rich","width":600,"height":338,"html":"<blockquote class=\"wp-embedded-content\" data-secret=\"NYlfCqPeXr\"><a href=\"https:\/\/minutosantafe.ar\/tension-en-la-marcha-de-jubilados-frente-al-congreso\/\">Tensi\u00f3n en la marcha de jubilados frente al Congreso<\/a><\/blockquote><iframe sandbox=\"allow-scripts\" security=\"restricted\" src=\"https:\/\/minutosantafe.ar\/tension-en-la-marcha-de-jubilados-frente-al-congreso\/embed\/#?secret=NYlfCqPeXr\" width=\"600\" height=\"338\" title=\"\u00abTensi\u00f3n en la marcha de jubilados frente al Congreso\u00bb \u2014 MinutoSantaFe.ar\" data-secret=\"NYlfCqPeXr\" frameborder=\"0\" marginwidth=\"0\" marginheight=\"0\" scrolling=\"no\" class=\"wp-embedded-content\"><\/iframe><script type=\"text\/javascript\">\n\/* <![CDATA[ *\/\n\/*! This file is auto-generated *\/\n!function(d,l){\"use strict\";l.querySelector&&d.addEventListener&&\"undefined\"!=typeof URL&&(d.wp=d.wp||{},d.wp.receiveEmbedMessage||(d.wp.receiveEmbedMessage=function(e){var t=e.data;if((t||t.secret||t.message||t.value)&&!\/[^a-zA-Z0-9]\/.test(t.secret)){for(var s,r,n,a=l.querySelectorAll('iframe[data-secret=\"'+t.secret+'\"]'),o=l.querySelectorAll('blockquote[data-secret=\"'+t.secret+'\"]'),c=new RegExp(\"^https?:$\",\"i\"),i=0;i<o.length;i++)o[i].style.display=\"none\";for(i=0;i<a.length;i++)s=a[i],e.source===s.contentWindow&&(s.removeAttribute(\"style\"),\"height\"===t.message?(1e3<(r=parseInt(t.value,10))?r=1e3:~~r<200&&(r=200),s.height=r):\"link\"===t.message&&(r=new URL(s.getAttribute(\"src\")),n=new URL(t.value),c.test(n.protocol))&&n.host===r.host&&l.activeElement===s&&(d.top.location.href=t.value))}},d.addEventListener(\"message\",d.wp.receiveEmbedMessage,!1),l.addEventListener(\"DOMContentLoaded\",function(){for(var e,t,s=l.querySelectorAll(\"iframe.wp-embedded-content\"),r=0;r<s.length;r++)(t=(e=s[r]).getAttribute(\"data-secret\"))||(t=Math.random().toString(36).substring(2,12),e.src+=\"#?secret=\"+t,e.setAttribute(\"data-secret\",t)),e.contentWindow.postMessage({message:\"ready\",secret:t},\"*\")},!1)))}(window,document);\n\/\/# sourceURL=https:\/\/minutosantafe.ar\/%77%70%2d%69%6e%63%6c%75%64%65%73\/js\/wp-embed.min.js\n\/* ]]> *\/\n<\/script>\n","thumbnail_url":"https:\/\/minutosantafe.ar\/wp-content\/uploads\/2024\/09\/04ba2511-1e85-414b-8541-3c5e9eabf2f7_16-9-discover-aspect-ratio_default_0.jpg","thumbnail_width":1200,"thumbnail_height":675,"description":"Los jubilados se movilizaron al PAMI, a las 12, y desde all\u00ed marcharon al Congreso para hacer su cl\u00e1sica ronda de las 15, pero los efectivos se hicieron presentes para evitarla. Como todos los mi\u00e9rcoles, el plenario de\u00a0jubilados\u00a0se moviliz\u00f3 al\u00a0Congreso\u00a0para rechazar el veto del presidente Javier Milei a al reforma..."}

Tensión en la marcha de jubilados frente al Congreso - MinutoSantaFe.ar

<blockquote class="wp-embedded-content" data-secret="NYlfCqPeXr"><a href="https://minutosantafe.ar/tension-en-la-marcha-de-jubilados-frente-al-congreso/">Tensión en la marcha de jubilados frente al Congreso</a></blockquote><iframe sandbox="allow-scripts" security="restricted" src="https://minutosantafe.ar/tension-en-la-marcha-de-jubilados-frente-al-congreso/embed/#?secret=NYlfCqPeXr" width="600" height="338" title="«Tensión en la marcha de jubilados frente al Congreso» — MinutoSantaFe.ar" data-secret="NYlfCqPeXr" frameborder="0" marginwidth="0" marginheight="0" scrolling="no" class="wp-embedded-content"></iframe><script type="text/javascript">
/* <![CDATA[ */
/*! This file is auto-generated */
!function(d,l){"use strict";l.querySelector&&d.addEventListener&&"undefined"!=typeof URL&&(d.wp=d.wp||{},d.wp.receiveEmbedMessage||(d.wp.receiveEmbedMessage=function(e){var t=e.data;if((t||t.secret||t.message||t.value)&&!/[^a-zA-Z0-9]/.test(t.secret)){for(var s,r,n,a=l.querySelectorAll('iframe[data-secret="'+t.secret+'"]'),o=l.querySelectorAll('blockquote[data-secret="'+t.secret+'"]'),c=new RegExp("^https?:$","i"),i=0;i<o.length;i++)o[i].style.display="none";for(i=0;i<a.length;i++)s=a[i],e.source===s.contentWindow&&(s.removeAttribute("style"),"height"===t.message?(1e3<(r=parseInt(t.value,10))?r=1e3:~~r<200&&(r=200),s.height=r):"link"===t.message&&(r=new URL(s.getAttribute("src")),n=new URL(t.value),c.test(n.protocol))&&n.host===r.host&&l.activeElement===s&&(d.top.location.href=t.value))}},d.addEventListener("message",d.wp.receiveEmbedMessage,!1),l.addEventListener("DOMContentLoaded",function(){for(var e,t,s=l.querySelectorAll("iframe.wp-embedded-content"),r=0;r<s.length;r++)(t=(e=s[r]).getAttribute("data-secret"))||(t=Math.random().toString(36).substring(2,12),e.src+="#?secret="+t,e.setAttribute("data-secret",t)),e.contentWindow.postMessage({message:"ready",secret:t},"*")},!1)))}(window,document);
//# sourceURL=https://minutosantafe.ar/%77%70%2d%69%6e%63%6c%75%64%65%73/js/wp-embed.min.js
/* ]]> */
</script>

Los jubilados se movilizaron al PAMI, a las 12, y desde allí marcharon al Congreso para hacer su clásica ronda de las 15, pero los efectivos se hicieron presentes para evitarla. Como todos los miércoles, el plenario de jubilados se movilizó al Congreso para rechazar el veto del presidente Javier Milei a al reforma...
