{"version":"1.0","provider_name":"MinutoSantaFe.ar","provider_url":"https:\/\/minutosantafe.ar","author_name":"Editor","author_url":"https:\/\/minutosantafe.ar\/author\/editor\/","title":"Tristeza y dolor - MinutoSantaFe.ar","type":"rich","width":600,"height":338,"html":"<blockquote class=\"wp-embedded-content\" data-secret=\"o5gxk9c8Oo\"><a href=\"https:\/\/minutosantafe.ar\/tristeza-y-dolor-2\/\">Tristeza y dolor<\/a><\/blockquote><iframe sandbox=\"allow-scripts\" security=\"restricted\" src=\"https:\/\/minutosantafe.ar\/tristeza-y-dolor-2\/embed\/#?secret=o5gxk9c8Oo\" width=\"600\" height=\"338\" title=\"\u00abTristeza y dolor\u00bb \u2014 MinutoSantaFe.ar\" data-secret=\"o5gxk9c8Oo\" frameborder=\"0\" marginwidth=\"0\" marginheight=\"0\" scrolling=\"no\" class=\"wp-embedded-content\"><\/iframe><script type=\"text\/javascript\">\n\/* <![CDATA[ *\/\n\/*! This file is auto-generated *\/\n!function(d,l){\"use strict\";l.querySelector&&d.addEventListener&&\"undefined\"!=typeof URL&&(d.wp=d.wp||{},d.wp.receiveEmbedMessage||(d.wp.receiveEmbedMessage=function(e){var t=e.data;if((t||t.secret||t.message||t.value)&&!\/[^a-zA-Z0-9]\/.test(t.secret)){for(var s,r,n,a=l.querySelectorAll('iframe[data-secret=\"'+t.secret+'\"]'),o=l.querySelectorAll('blockquote[data-secret=\"'+t.secret+'\"]'),c=new RegExp(\"^https?:$\",\"i\"),i=0;i<o.length;i++)o[i].style.display=\"none\";for(i=0;i<a.length;i++)s=a[i],e.source===s.contentWindow&&(s.removeAttribute(\"style\"),\"height\"===t.message?(1e3<(r=parseInt(t.value,10))?r=1e3:~~r<200&&(r=200),s.height=r):\"link\"===t.message&&(r=new URL(s.getAttribute(\"src\")),n=new URL(t.value),c.test(n.protocol))&&n.host===r.host&&l.activeElement===s&&(d.top.location.href=t.value))}},d.addEventListener(\"message\",d.wp.receiveEmbedMessage,!1),l.addEventListener(\"DOMContentLoaded\",function(){for(var e,t,s=l.querySelectorAll(\"iframe.wp-embedded-content\"),r=0;r<s.length;r++)(t=(e=s[r]).getAttribute(\"data-secret\"))||(t=Math.random().toString(36).substring(2,12),e.src+=\"#?secret=\"+t,e.setAttribute(\"data-secret\",t)),e.contentWindow.postMessage({message:\"ready\",secret:t},\"*\")},!1)))}(window,document);\n\/\/# sourceURL=https:\/\/minutosantafe.ar\/%77%70%2d%69%6e%63%6c%75%64%65%73\/js\/wp-embed.min.js\n\/* ]]> *\/\n<\/script>\n","thumbnail_url":"https:\/\/minutosantafe.ar\/wp-content\/uploads\/2023\/09\/adelfi.jpg","thumbnail_width":600,"thumbnail_height":337,"description":"Muri\u00f3 Delfina, la nena herida tras el choque m\u00faltiple de la autopista Rosario-C\u00f3rdoba La chiquita de siete a\u00f1os, ten\u00eda muerte encef\u00e1lica despu\u00e9s del tr\u00e1gico siniestro vial de la semana pasada cuando m\u00e1s de 30 veh\u00edculos chocaron al ingresar en una nube de tierra que cubri\u00f3 la autopista Rosario &#8211; C\u00f3rdoba..."}

Murió Delfina, la nena herida tras el choque múltiple de la autopista Rosario-Córdoba La chiquita de siete años, tenía muerte encefálica después del trágico siniestro vial de la semana pasada cuando más de 30 vehículos chocaron al ingresar en una nube de tierra que cubrió la autopista Rosario &#8211; Córdoba...
