{"version":"1.0","provider_name":"MinutoSantaFe.ar","provider_url":"https:\/\/minutosantafe.ar","author_name":"Editor","author_url":"https:\/\/minutosantafe.ar\/author\/editor\/","title":"Un acto de desagravio a la m\u00fasica\" - MinutoSantaFe.ar","type":"rich","width":600,"height":338,"html":"<blockquote class=\"wp-embedded-content\" data-secret=\"lIW0fbJJCg\"><a href=\"https:\/\/minutosantafe.ar\/un-acto-de-desagravio-a-la-musica\/\">Un acto de desagravio a la m\u00fasica\u00bb<\/a><\/blockquote><iframe sandbox=\"allow-scripts\" security=\"restricted\" src=\"https:\/\/minutosantafe.ar\/un-acto-de-desagravio-a-la-musica\/embed\/#?secret=lIW0fbJJCg\" width=\"600\" height=\"338\" title=\"\u00abUn acto de desagravio a la m\u00fasica\u00bb\u00bb \u2014 MinutoSantaFe.ar\" data-secret=\"lIW0fbJJCg\" frameborder=\"0\" marginwidth=\"0\" marginheight=\"0\" scrolling=\"no\" class=\"wp-embedded-content\"><\/iframe><script type=\"text\/javascript\">\n\/* <![CDATA[ *\/\n\/*! This file is auto-generated *\/\n!function(d,l){\"use strict\";l.querySelector&&d.addEventListener&&\"undefined\"!=typeof URL&&(d.wp=d.wp||{},d.wp.receiveEmbedMessage||(d.wp.receiveEmbedMessage=function(e){var t=e.data;if((t||t.secret||t.message||t.value)&&!\/[^a-zA-Z0-9]\/.test(t.secret)){for(var s,r,n,a=l.querySelectorAll('iframe[data-secret=\"'+t.secret+'\"]'),o=l.querySelectorAll('blockquote[data-secret=\"'+t.secret+'\"]'),c=new RegExp(\"^https?:$\",\"i\"),i=0;i<o.length;i++)o[i].style.display=\"none\";for(i=0;i<a.length;i++)s=a[i],e.source===s.contentWindow&&(s.removeAttribute(\"style\"),\"height\"===t.message?(1e3<(r=parseInt(t.value,10))?r=1e3:~~r<200&&(r=200),s.height=r):\"link\"===t.message&&(r=new URL(s.getAttribute(\"src\")),n=new URL(t.value),c.test(n.protocol))&&n.host===r.host&&l.activeElement===s&&(d.top.location.href=t.value))}},d.addEventListener(\"message\",d.wp.receiveEmbedMessage,!1),l.addEventListener(\"DOMContentLoaded\",function(){for(var e,t,s=l.querySelectorAll(\"iframe.wp-embedded-content\"),r=0;r<s.length;r++)(t=(e=s[r]).getAttribute(\"data-secret\"))||(t=Math.random().toString(36).substring(2,12),e.src+=\"#?secret=\"+t,e.setAttribute(\"data-secret\",t)),e.contentWindow.postMessage({message:\"ready\",secret:t},\"*\")},!1)))}(window,document);\n\/\/# sourceURL=https:\/\/minutosantafe.ar\/%77%70%2d%69%6e%63%6c%75%64%65%73\/js\/wp-embed.min.js\n\/* ]]> *\/\n<\/script>\n","thumbnail_url":"https:\/\/minutosantafe.ar\/wp-content\/uploads\/2025\/10\/979422-cristina-20silvio-20rodriguez.jpeg","thumbnail_width":700,"thumbnail_height":467,"description":"Cristina Kirchner se reuni\u00f3 con Silvio Rodr\u00edguez y\u00a0lanz\u00f3 una indirecta para Javier Milei La titular del PJ recibi\u00f3 al cantautor cubano, que se encuentra de gira por Latinoam\u00e9rica, en su departamento de Constituci\u00f3n. &nbsp; Cristina Kirchner junto a Silvio Rodr\u00edguez. Imagen: Redes sociales Cristina Krichner\u00a0mantuvo un encuentro este viernes por..."}

Un acto de desagravio a la música" - MinutoSantaFe.ar

<blockquote class="wp-embedded-content" data-secret="lIW0fbJJCg"><a href="https://minutosantafe.ar/un-acto-de-desagravio-a-la-musica/">Un acto de desagravio a la música»</a></blockquote><iframe sandbox="allow-scripts" security="restricted" src="https://minutosantafe.ar/un-acto-de-desagravio-a-la-musica/embed/#?secret=lIW0fbJJCg" width="600" height="338" title="«Un acto de desagravio a la música»» — MinutoSantaFe.ar" data-secret="lIW0fbJJCg" frameborder="0" marginwidth="0" marginheight="0" scrolling="no" class="wp-embedded-content"></iframe><script type="text/javascript">
/* <![CDATA[ */
/*! This file is auto-generated */
!function(d,l){"use strict";l.querySelector&&d.addEventListener&&"undefined"!=typeof URL&&(d.wp=d.wp||{},d.wp.receiveEmbedMessage||(d.wp.receiveEmbedMessage=function(e){var t=e.data;if((t||t.secret||t.message||t.value)&&!/[^a-zA-Z0-9]/.test(t.secret)){for(var s,r,n,a=l.querySelectorAll('iframe[data-secret="'+t.secret+'"]'),o=l.querySelectorAll('blockquote[data-secret="'+t.secret+'"]'),c=new RegExp("^https?:$","i"),i=0;i<o.length;i++)o[i].style.display="none";for(i=0;i<a.length;i++)s=a[i],e.source===s.contentWindow&&(s.removeAttribute("style"),"height"===t.message?(1e3<(r=parseInt(t.value,10))?r=1e3:~~r<200&&(r=200),s.height=r):"link"===t.message&&(r=new URL(s.getAttribute("src")),n=new URL(t.value),c.test(n.protocol))&&n.host===r.host&&l.activeElement===s&&(d.top.location.href=t.value))}},d.addEventListener("message",d.wp.receiveEmbedMessage,!1),l.addEventListener("DOMContentLoaded",function(){for(var e,t,s=l.querySelectorAll("iframe.wp-embedded-content"),r=0;r<s.length;r++)(t=(e=s[r]).getAttribute("data-secret"))||(t=Math.random().toString(36).substring(2,12),e.src+="#?secret="+t,e.setAttribute("data-secret",t)),e.contentWindow.postMessage({message:"ready",secret:t},"*")},!1)))}(window,document);
//# sourceURL=https://minutosantafe.ar/%77%70%2d%69%6e%63%6c%75%64%65%73/js/wp-embed.min.js
/* ]]> */
</script>

Cristina Kirchner se reunió con Silvio Rodríguez y lanzó una indirecta para Javier Milei La titular del PJ recibió al cantautor cubano, que se encuentra de gira por Latinoamérica, en su departamento de Constitución. &nbsp; Cristina Kirchner junto a Silvio Rodríguez. Imagen: Redes sociales Cristina Krichner mantuvo un encuentro este viernes por...
