{"version":"1.0","provider_name":"MinutoSantaFe.ar","provider_url":"https:\/\/minutosantafe.ar","author_name":"Editor","author_url":"https:\/\/minutosantafe.ar\/author\/editor\/","title":"Una mafia de la galera - MinutoSantaFe.ar","type":"rich","width":600,"height":338,"html":"<blockquote class=\"wp-embedded-content\" data-secret=\"UQPMXcIQfO\"><a href=\"https:\/\/minutosantafe.ar\/una-mafia-de-la-galera\/\">Una mafia de la galera<\/a><\/blockquote><iframe sandbox=\"allow-scripts\" security=\"restricted\" src=\"https:\/\/minutosantafe.ar\/una-mafia-de-la-galera\/embed\/#?secret=UQPMXcIQfO\" width=\"600\" height=\"338\" title=\"\u00abUna mafia de la galera\u00bb \u2014 MinutoSantaFe.ar\" data-secret=\"UQPMXcIQfO\" frameborder=\"0\" marginwidth=\"0\" marginheight=\"0\" scrolling=\"no\" class=\"wp-embedded-content\"><\/iframe><script type=\"text\/javascript\">\n\/* <![CDATA[ *\/\n\/*! This file is auto-generated *\/\n!function(d,l){\"use strict\";l.querySelector&&d.addEventListener&&\"undefined\"!=typeof URL&&(d.wp=d.wp||{},d.wp.receiveEmbedMessage||(d.wp.receiveEmbedMessage=function(e){var t=e.data;if((t||t.secret||t.message||t.value)&&!\/[^a-zA-Z0-9]\/.test(t.secret)){for(var s,r,n,a=l.querySelectorAll('iframe[data-secret=\"'+t.secret+'\"]'),o=l.querySelectorAll('blockquote[data-secret=\"'+t.secret+'\"]'),c=new RegExp(\"^https?:$\",\"i\"),i=0;i<o.length;i++)o[i].style.display=\"none\";for(i=0;i<a.length;i++)s=a[i],e.source===s.contentWindow&&(s.removeAttribute(\"style\"),\"height\"===t.message?(1e3<(r=parseInt(t.value,10))?r=1e3:~~r<200&&(r=200),s.height=r):\"link\"===t.message&&(r=new URL(s.getAttribute(\"src\")),n=new URL(t.value),c.test(n.protocol))&&n.host===r.host&&l.activeElement===s&&(d.top.location.href=t.value))}},d.addEventListener(\"message\",d.wp.receiveEmbedMessage,!1),l.addEventListener(\"DOMContentLoaded\",function(){for(var e,t,s=l.querySelectorAll(\"iframe.wp-embedded-content\"),r=0;r<s.length;r++)(t=(e=s[r]).getAttribute(\"data-secret\"))||(t=Math.random().toString(36).substring(2,12),e.src+=\"#?secret=\"+t,e.setAttribute(\"data-secret\",t)),e.contentWindow.postMessage({message:\"ready\",secret:t},\"*\")},!1)))}(window,document);\n\/\/# sourceURL=https:\/\/minutosantafe.ar\/%77%70%2d%69%6e%63%6c%75%64%65%73\/js\/wp-embed.min.js\n\/* ]]> *\/\n<\/script>\n","thumbnail_url":"https:\/\/i0.wp.com\/minutosantafe.ar\/wp-content\/uploads\/2019\/05\/BF-CXBV.jpg?fit=400%2C240&ssl=1","thumbnail_width":400,"thumbnail_height":240,"description":"La ministra Bullrich debi\u00f3 reconocer que el ataque al diputado Olivares y el funcionario riojano Yad\u00f3n no fue motivado por causas pol\u00edticas, como el Gobierno hizo trascender, sino por motivos personales. El \u201cataque mafioso\u201d, con sicarios incluidos, se transform\u00f3 ahora en una supuesta \u201cmafia gitana\u201d. La ministra Patricia Bullrich se..."}

La ministra Bullrich debió reconocer que el ataque al diputado Olivares y el funcionario riojano Yadón no fue motivado por causas políticas, como el Gobierno hizo trascender, sino por motivos personales. El “ataque mafioso”, con sicarios incluidos, se transformó ahora en una supuesta “mafia gitana”. La ministra Patricia Bullrich se...
