{"version":"1.0","provider_name":"MinutoSantaFe.ar","provider_url":"https:\/\/minutosantafe.ar","author_name":"Editor","author_url":"https:\/\/minutosantafe.ar\/author\/editor\/","title":"Varios allanamientos y detenciones contra la banda \"Los menores\" - MinutoSantaFe.ar","type":"rich","width":600,"height":338,"html":"<blockquote class=\"wp-embedded-content\" data-secret=\"ruh6TDzBeK\"><a href=\"https:\/\/minutosantafe.ar\/varios-allanamientos-y-detenciones-contra-la-banda-los-menores\/\">Varios allanamientos y detenciones contra la banda \u00abLos menores\u00bb<\/a><\/blockquote><iframe sandbox=\"allow-scripts\" security=\"restricted\" src=\"https:\/\/minutosantafe.ar\/varios-allanamientos-y-detenciones-contra-la-banda-los-menores\/embed\/#?secret=ruh6TDzBeK\" width=\"600\" height=\"338\" title=\"\u00abVarios allanamientos y detenciones contra la banda \u00abLos menores\u00bb\u00bb \u2014 MinutoSantaFe.ar\" data-secret=\"ruh6TDzBeK\" frameborder=\"0\" marginwidth=\"0\" marginheight=\"0\" scrolling=\"no\" class=\"wp-embedded-content\"><\/iframe><script type=\"text\/javascript\">\n\/* <![CDATA[ *\/\n\/*! This file is auto-generated *\/\n!function(d,l){\"use strict\";l.querySelector&&d.addEventListener&&\"undefined\"!=typeof URL&&(d.wp=d.wp||{},d.wp.receiveEmbedMessage||(d.wp.receiveEmbedMessage=function(e){var t=e.data;if((t||t.secret||t.message||t.value)&&!\/[^a-zA-Z0-9]\/.test(t.secret)){for(var s,r,n,a=l.querySelectorAll('iframe[data-secret=\"'+t.secret+'\"]'),o=l.querySelectorAll('blockquote[data-secret=\"'+t.secret+'\"]'),c=new RegExp(\"^https?:$\",\"i\"),i=0;i<o.length;i++)o[i].style.display=\"none\";for(i=0;i<a.length;i++)s=a[i],e.source===s.contentWindow&&(s.removeAttribute(\"style\"),\"height\"===t.message?(1e3<(r=parseInt(t.value,10))?r=1e3:~~r<200&&(r=200),s.height=r):\"link\"===t.message&&(r=new URL(s.getAttribute(\"src\")),n=new URL(t.value),c.test(n.protocol))&&n.host===r.host&&l.activeElement===s&&(d.top.location.href=t.value))}},d.addEventListener(\"message\",d.wp.receiveEmbedMessage,!1),l.addEventListener(\"DOMContentLoaded\",function(){for(var e,t,s=l.querySelectorAll(\"iframe.wp-embedded-content\"),r=0;r<s.length;r++)(t=(e=s[r]).getAttribute(\"data-secret\"))||(t=Math.random().toString(36).substring(2,12),e.src+=\"#?secret=\"+t,e.setAttribute(\"data-secret\",t)),e.contentWindow.postMessage({message:\"ready\",secret:t},\"*\")},!1)))}(window,document);\n\/\/# sourceURL=https:\/\/minutosantafe.ar\/%77%70%2d%69%6e%63%6c%75%64%65%73\/js\/wp-embed.min.js\n\/* ]]> *\/\n<\/script>\n","thumbnail_url":"https:\/\/minutosantafe.ar\/wp-content\/uploads\/2024\/12\/18-allanamientos-banda-los-menores-tatin-1.jpg","thumbnail_width":1200,"thumbnail_height":699,"description":"Hubo secuestro de armas y droga en barrios del noroeste rosarino. Es la gavilla que adem\u00e1s se la investiga en la causa del crimen de Pill\u00edn Bracamonte, jefe de la barra brava de Central. La polic\u00eda apres\u00f3 a cuatro hombres en un despliegue de 18 allanamientos desarrollados en el noroeste..."}

Hubo secuestro de armas y droga en barrios del noroeste rosarino. Es la gavilla que además se la investiga en la causa del crimen de Pillín Bracamonte, jefe de la barra brava de Central. La policía apresó a cuatro hombres en un despliegue de 18 allanamientos desarrollados en el noroeste...
