{"version":"1.0","provider_name":"MinutoSantaFe.ar","provider_url":"https:\/\/minutosantafe.ar","author_name":"Editor","author_url":"https:\/\/minutosantafe.ar\/author\/editor\/","title":"Vicent\u00edn y la importancia estrat\u00e9gica de su nacionalizaci\u00f3n - MinutoSantaFe.ar","type":"rich","width":600,"height":338,"html":"<blockquote class=\"wp-embedded-content\" data-secret=\"gEvhfMzRjv\"><a href=\"https:\/\/minutosantafe.ar\/vicentin-y-la-importancia-estrategica-de-su-nacionalizacion\/\">Vicent\u00edn y la importancia estrat\u00e9gica de su nacionalizaci\u00f3n<\/a><\/blockquote><iframe sandbox=\"allow-scripts\" security=\"restricted\" src=\"https:\/\/minutosantafe.ar\/vicentin-y-la-importancia-estrategica-de-su-nacionalizacion\/embed\/#?secret=gEvhfMzRjv\" width=\"600\" height=\"338\" title=\"\u00abVicent\u00edn y la importancia estrat\u00e9gica de su nacionalizaci\u00f3n\u00bb \u2014 MinutoSantaFe.ar\" data-secret=\"gEvhfMzRjv\" frameborder=\"0\" marginwidth=\"0\" marginheight=\"0\" scrolling=\"no\" class=\"wp-embedded-content\"><\/iframe><script type=\"text\/javascript\">\n\/* <![CDATA[ *\/\n\/*! This file is auto-generated *\/\n!function(d,l){\"use strict\";l.querySelector&&d.addEventListener&&\"undefined\"!=typeof URL&&(d.wp=d.wp||{},d.wp.receiveEmbedMessage||(d.wp.receiveEmbedMessage=function(e){var t=e.data;if((t||t.secret||t.message||t.value)&&!\/[^a-zA-Z0-9]\/.test(t.secret)){for(var s,r,n,a=l.querySelectorAll('iframe[data-secret=\"'+t.secret+'\"]'),o=l.querySelectorAll('blockquote[data-secret=\"'+t.secret+'\"]'),c=new RegExp(\"^https?:$\",\"i\"),i=0;i<o.length;i++)o[i].style.display=\"none\";for(i=0;i<a.length;i++)s=a[i],e.source===s.contentWindow&&(s.removeAttribute(\"style\"),\"height\"===t.message?(1e3<(r=parseInt(t.value,10))?r=1e3:~~r<200&&(r=200),s.height=r):\"link\"===t.message&&(r=new URL(s.getAttribute(\"src\")),n=new URL(t.value),c.test(n.protocol))&&n.host===r.host&&l.activeElement===s&&(d.top.location.href=t.value))}},d.addEventListener(\"message\",d.wp.receiveEmbedMessage,!1),l.addEventListener(\"DOMContentLoaded\",function(){for(var e,t,s=l.querySelectorAll(\"iframe.wp-embedded-content\"),r=0;r<s.length;r++)(t=(e=s[r]).getAttribute(\"data-secret\"))||(t=Math.random().toString(36).substring(2,12),e.src+=\"#?secret=\"+t,e.setAttribute(\"data-secret\",t)),e.contentWindow.postMessage({message:\"ready\",secret:t},\"*\")},!1)))}(window,document);\n\/\/# sourceURL=https:\/\/minutosantafe.ar\/%77%70%2d%69%6e%63%6c%75%64%65%73\/js\/wp-embed.min.js\n\/* ]]> *\/\n<\/script>\n","thumbnail_url":"https:\/\/i0.wp.com\/minutosantafe.ar\/wp-content\/uploads\/2020\/06\/1591650196239-1.png?fit=770%2C440&ssl=1","thumbnail_width":770,"thumbnail_height":440,"description":"El Gobierno intervendr\u00e1 una de los principales generadores de divisas y del grupo que ejerce mayor presi\u00f3n devaluatoria. El Gobierno intervendr\u00e1 y propondr\u00e1 la expropiaci\u00f3n de una de las mayores generadores de divisas del pa\u00eds. En los \u00faltimos meses, las empresas del sector retuvieron soja, lo que debilit\u00f3 el ingreso..."}

Vicentín y la importancia estratégica de su nacionalización - MinutoSantaFe.ar

<blockquote class="wp-embedded-content" data-secret="gEvhfMzRjv"><a href="https://minutosantafe.ar/vicentin-y-la-importancia-estrategica-de-su-nacionalizacion/">Vicentín y la importancia estratégica de su nacionalización</a></blockquote><iframe sandbox="allow-scripts" security="restricted" src="https://minutosantafe.ar/vicentin-y-la-importancia-estrategica-de-su-nacionalizacion/embed/#?secret=gEvhfMzRjv" width="600" height="338" title="«Vicentín y la importancia estratégica de su nacionalización» — MinutoSantaFe.ar" data-secret="gEvhfMzRjv" frameborder="0" marginwidth="0" marginheight="0" scrolling="no" class="wp-embedded-content"></iframe><script type="text/javascript">
/* <![CDATA[ */
/*! This file is auto-generated */
!function(d,l){"use strict";l.querySelector&&d.addEventListener&&"undefined"!=typeof URL&&(d.wp=d.wp||{},d.wp.receiveEmbedMessage||(d.wp.receiveEmbedMessage=function(e){var t=e.data;if((t||t.secret||t.message||t.value)&&!/[^a-zA-Z0-9]/.test(t.secret)){for(var s,r,n,a=l.querySelectorAll('iframe[data-secret="'+t.secret+'"]'),o=l.querySelectorAll('blockquote[data-secret="'+t.secret+'"]'),c=new RegExp("^https?:$","i"),i=0;i<o.length;i++)o[i].style.display="none";for(i=0;i<a.length;i++)s=a[i],e.source===s.contentWindow&&(s.removeAttribute("style"),"height"===t.message?(1e3<(r=parseInt(t.value,10))?r=1e3:~~r<200&&(r=200),s.height=r):"link"===t.message&&(r=new URL(s.getAttribute("src")),n=new URL(t.value),c.test(n.protocol))&&n.host===r.host&&l.activeElement===s&&(d.top.location.href=t.value))}},d.addEventListener("message",d.wp.receiveEmbedMessage,!1),l.addEventListener("DOMContentLoaded",function(){for(var e,t,s=l.querySelectorAll("iframe.wp-embedded-content"),r=0;r<s.length;r++)(t=(e=s[r]).getAttribute("data-secret"))||(t=Math.random().toString(36).substring(2,12),e.src+="#?secret="+t,e.setAttribute("data-secret",t)),e.contentWindow.postMessage({message:"ready",secret:t},"*")},!1)))}(window,document);
//# sourceURL=https://minutosantafe.ar/%77%70%2d%69%6e%63%6c%75%64%65%73/js/wp-embed.min.js
/* ]]> */
</script>

El Gobierno intervendrá una de los principales generadores de divisas y del grupo que ejerce mayor presión devaluatoria. El Gobierno intervendrá y propondrá la expropiación de una de las mayores generadores de divisas del país. En los últimos meses, las empresas del sector retuvieron soja, lo que debilitó el ingreso...
