{"version":"1.0","provider_name":"MinutoSantaFe.ar","provider_url":"https:\/\/minutosantafe.ar","author_name":"Editor","author_url":"https:\/\/minutosantafe.ar\/author\/editor\/","title":"Volvieron a internar de urgencia a Chano Charpentier - MinutoSantaFe.ar","type":"rich","width":600,"height":338,"html":"<blockquote class=\"wp-embedded-content\" data-secret=\"nF3U5cFAEL\"><a href=\"https:\/\/minutosantafe.ar\/volvieron-a-internar-de-urgencia-a-chano-charpentier\/\">Volvieron a internar de urgencia a Chano Charpentier<\/a><\/blockquote><iframe sandbox=\"allow-scripts\" security=\"restricted\" src=\"https:\/\/minutosantafe.ar\/volvieron-a-internar-de-urgencia-a-chano-charpentier\/embed\/#?secret=nF3U5cFAEL\" width=\"600\" height=\"338\" title=\"\u00abVolvieron a internar de urgencia a Chano Charpentier\u00bb \u2014 MinutoSantaFe.ar\" data-secret=\"nF3U5cFAEL\" frameborder=\"0\" marginwidth=\"0\" marginheight=\"0\" scrolling=\"no\" class=\"wp-embedded-content\"><\/iframe><script type=\"text\/javascript\">\n\/* <![CDATA[ *\/\n\/*! This file is auto-generated *\/\n!function(d,l){\"use strict\";l.querySelector&&d.addEventListener&&\"undefined\"!=typeof URL&&(d.wp=d.wp||{},d.wp.receiveEmbedMessage||(d.wp.receiveEmbedMessage=function(e){var t=e.data;if((t||t.secret||t.message||t.value)&&!\/[^a-zA-Z0-9]\/.test(t.secret)){for(var s,r,n,a=l.querySelectorAll('iframe[data-secret=\"'+t.secret+'\"]'),o=l.querySelectorAll('blockquote[data-secret=\"'+t.secret+'\"]'),c=new RegExp(\"^https?:$\",\"i\"),i=0;i<o.length;i++)o[i].style.display=\"none\";for(i=0;i<a.length;i++)s=a[i],e.source===s.contentWindow&&(s.removeAttribute(\"style\"),\"height\"===t.message?(1e3<(r=parseInt(t.value,10))?r=1e3:~~r<200&&(r=200),s.height=r):\"link\"===t.message&&(r=new URL(s.getAttribute(\"src\")),n=new URL(t.value),c.test(n.protocol))&&n.host===r.host&&l.activeElement===s&&(d.top.location.href=t.value))}},d.addEventListener(\"message\",d.wp.receiveEmbedMessage,!1),l.addEventListener(\"DOMContentLoaded\",function(){for(var e,t,s=l.querySelectorAll(\"iframe.wp-embedded-content\"),r=0;r<s.length;r++)(t=(e=s[r]).getAttribute(\"data-secret\"))||(t=Math.random().toString(36).substring(2,12),e.src+=\"#?secret=\"+t,e.setAttribute(\"data-secret\",t)),e.contentWindow.postMessage({message:\"ready\",secret:t},\"*\")},!1)))}(window,document);\n\/\/# sourceURL=https:\/\/minutosantafe.ar\/%77%70%2d%69%6e%63%6c%75%64%65%73\/js\/wp-embed.min.js\n\/* ]]> *\/\n<\/script>\n","thumbnail_url":"https:\/\/i0.wp.com\/minutosantafe.ar\/wp-content\/uploads\/2023\/02\/image-2.jpeg?fit=1200%2C675&ssl=1","thumbnail_width":1200,"thumbnail_height":675,"description":"El ex l\u00edder de Tan Bi\u00f3nica, Santiago \u201cChano\u201d Moreno Charpentier, fue internado de urgencia en el Sanatorio Otamendi. Aunque todav\u00eda no se conoci\u00f3 un parte oficial de la familia, seg\u00fan inform\u00f3 el diario La Naci\u00f3n, el cuadro del cantante es reservado, y estar\u00eda relacionado con sus problemas de adicciones. Chano..."}

El ex líder de Tan Biónica, Santiago “Chano” Moreno Charpentier, fue internado de urgencia en el Sanatorio Otamendi. Aunque todavía no se conoció un parte oficial de la familia, según informó el diario La Nación, el cuadro del cantante es reservado, y estaría relacionado con sus problemas de adicciones. Chano...
