{"version":"1.0","provider_name":"MinutoSantaFe.ar","provider_url":"https:\/\/minutosantafe.ar","author_name":"Editor","author_url":"https:\/\/minutosantafe.ar\/author\/editor\/","title":"Vuelve la presencialidad plena en las universidades - MinutoSantaFe.ar","type":"rich","width":600,"height":338,"html":"<blockquote class=\"wp-embedded-content\" data-secret=\"r3clAjQAbo\"><a href=\"https:\/\/minutosantafe.ar\/vuelve-la-presencialidad-plena-en-las-universidades\/\">Vuelve la presencialidad plena en las universidades<\/a><\/blockquote><iframe sandbox=\"allow-scripts\" security=\"restricted\" src=\"https:\/\/minutosantafe.ar\/vuelve-la-presencialidad-plena-en-las-universidades\/embed\/#?secret=r3clAjQAbo\" width=\"600\" height=\"338\" title=\"\u00abVuelve la presencialidad plena en las universidades\u00bb \u2014 MinutoSantaFe.ar\" data-secret=\"r3clAjQAbo\" frameborder=\"0\" marginwidth=\"0\" marginheight=\"0\" scrolling=\"no\" class=\"wp-embedded-content\"><\/iframe><script type=\"text\/javascript\">\n\/* <![CDATA[ *\/\n\/*! This file is auto-generated *\/\n!function(d,l){\"use strict\";l.querySelector&&d.addEventListener&&\"undefined\"!=typeof URL&&(d.wp=d.wp||{},d.wp.receiveEmbedMessage||(d.wp.receiveEmbedMessage=function(e){var t=e.data;if((t||t.secret||t.message||t.value)&&!\/[^a-zA-Z0-9]\/.test(t.secret)){for(var s,r,n,a=l.querySelectorAll('iframe[data-secret=\"'+t.secret+'\"]'),o=l.querySelectorAll('blockquote[data-secret=\"'+t.secret+'\"]'),c=new RegExp(\"^https?:$\",\"i\"),i=0;i<o.length;i++)o[i].style.display=\"none\";for(i=0;i<a.length;i++)s=a[i],e.source===s.contentWindow&&(s.removeAttribute(\"style\"),\"height\"===t.message?(1e3<(r=parseInt(t.value,10))?r=1e3:~~r<200&&(r=200),s.height=r):\"link\"===t.message&&(r=new URL(s.getAttribute(\"src\")),n=new URL(t.value),c.test(n.protocol))&&n.host===r.host&&l.activeElement===s&&(d.top.location.href=t.value))}},d.addEventListener(\"message\",d.wp.receiveEmbedMessage,!1),l.addEventListener(\"DOMContentLoaded\",function(){for(var e,t,s=l.querySelectorAll(\"iframe.wp-embedded-content\"),r=0;r<s.length;r++)(t=(e=s[r]).getAttribute(\"data-secret\"))||(t=Math.random().toString(36).substring(2,12),e.src+=\"#?secret=\"+t,e.setAttribute(\"data-secret\",t)),e.contentWindow.postMessage({message:\"ready\",secret:t},\"*\")},!1)))}(window,document);\n\/\/# sourceURL=https:\/\/minutosantafe.ar\/%77%70%2d%69%6e%63%6c%75%64%65%73\/js\/wp-embed.min.js\n\/* ]]> *\/\n<\/script>\n","thumbnail_url":"https:\/\/i0.wp.com\/minutosantafe.ar\/wp-content\/uploads\/2021\/10\/presencialidad-universidad.jpg?fit=800%2C483&ssl=1","thumbnail_width":800,"thumbnail_height":483,"description":"Seg\u00fan la resoluci\u00f3n 3043\/2021 publicada por el Ministerio de Educaci\u00f3n, se efectivizan las actividades acad\u00e9micas presenciales, sin embargo la decisi\u00f3n ser\u00e1 tomada por cada una de las provincias. El Ministerio de Educaci\u00f3n de la Naci\u00f3n aprob\u00f3 la reanudaci\u00f3n de las actividades acad\u00e9micas presenciales en universidades e institutos universitarios de todo..."}

Según la resolución 3043/2021 publicada por el Ministerio de Educación, se efectivizan las actividades académicas presenciales, sin embargo la decisión será tomada por cada una de las provincias. El Ministerio de Educación de la Nación aprobó la reanudación de las actividades académicas presenciales en universidades e institutos universitarios de todo...
